{"id":67,"date":"2023-03-10T11:40:33","date_gmt":"2023-03-10T11:40:33","guid":{"rendered":"https:\/\/pages.lip.pt\/nucria\/?page_id=67"},"modified":"2023-10-26T09:52:11","modified_gmt":"2023-10-26T09:52:11","slug":"for-students","status":"publish","type":"page","link":"https:\/\/pages.lip.pt\/nucria\/for-students\/","title":{"rendered":"For students"},"content":{"rendered":"\n<p>Hey! Good to see you here, so you&#8217;re a student and intend on exploring the areas of <strong>nuclear reactions, instrumentation, nuclear astrophysics, medical physics and simulation! <\/strong>On this page you can explore the <strong>research opportunities<\/strong> we have for bachelor (BsC), master (MsC) and doctor (PhD) levels. You can also find information regarding <strong>internships<\/strong> and feedback on the experiences of students from the past.<\/p>\n\n\n\n<h1 class=\"wp-block-heading\">Research opportunities<\/h1>\n\n\n\n<p>The possibilities for research are vast, and the following opportunities can be used for BsC, MsC or PhD projects. In NUC-RIA we understand that constant learning and experimenting are the fundamental pillars for scientific success. You can work in a team-first environment where weekly meetings and monthly presentations are routine to ensure group integration and participation.<\/p>\n\n\n\n<p>The following opportunities are based on experiments or theoretical work done by the group. <\/p>\n\n\n\n<p><strong>If you&#8217;re interested, send an e-mail to <a href=\"mailto:nucria@lip.pt\">nucria@lip.pt<\/a>, with a brief paragraph talking about you, your CV and why you&#8217;re interested in topic.<\/strong><\/p>\n\n\n\n<div class=\"wp-block-media-text alignwide is-stacked-on-mobile\" style=\"grid-template-columns:40% auto\"><figure class=\"wp-block-media-text__media\"><img fetchpriority=\"high\" decoding=\"async\" width=\"864\" height=\"641\" src=\"https:\/\/pages.lip.pt\/nucria\/wp-content\/uploads\/sites\/23\/2023\/01\/ctn.jpg\" alt=\"\" class=\"wp-image-135 size-full\" srcset=\"https:\/\/pages.lip.pt\/nucria\/wp-content\/uploads\/sites\/23\/2023\/01\/ctn.jpg 864w, https:\/\/pages.lip.pt\/nucria\/wp-content\/uploads\/sites\/23\/2023\/01\/ctn-300x223.jpg 300w, https:\/\/pages.lip.pt\/nucria\/wp-content\/uploads\/sites\/23\/2023\/01\/ctn-768x570.jpg 768w\" sizes=\"(max-width: 767px) 89vw, (max-width: 1000px) 54vw, (max-width: 1071px) 543px, 580px\" \/><\/figure><div class=\"wp-block-media-text__content\">\n<p><strong>CTN Campus Tecnol\u00f3gico e Nuclear <\/strong>is a research facility in <a href=\"https:\/\/goo.gl\/maps\/CtJXFAhyGpsqsfYw7\" data-type=\"URL\" data-id=\"https:\/\/goo.gl\/maps\/CtJXFAhyGpsqsfYw7\">Lisbon, Portugal.<\/a><\/p>\n\n\n\n<p>&#8220;CTN has the mission of (&#8230;) promoting scientific research and technological development, especially in the fields of nuclear sciences and techniques, radiological protection and safety&#8221;<\/p>\n<\/div><\/div>\n\n\n\n<div class=\"wp-block-media-text alignwide is-stacked-on-mobile\" style=\"grid-template-columns:40% auto\"><figure class=\"wp-block-media-text__media\"><img decoding=\"async\" width=\"1024\" height=\"768\" src=\"https:\/\/pages.lip.pt\/nucria\/wp-content\/uploads\/sites\/23\/2023\/01\/GSI-Darmstadt-Sudbau-1024x768.jpg\" alt=\"\" class=\"wp-image-131 size-full\" srcset=\"https:\/\/pages.lip.pt\/nucria\/wp-content\/uploads\/sites\/23\/2023\/01\/GSI-Darmstadt-Sudbau-1024x768.jpg 1024w, https:\/\/pages.lip.pt\/nucria\/wp-content\/uploads\/sites\/23\/2023\/01\/GSI-Darmstadt-Sudbau-300x225.jpg 300w, https:\/\/pages.lip.pt\/nucria\/wp-content\/uploads\/sites\/23\/2023\/01\/GSI-Darmstadt-Sudbau-768x576.jpg 768w, https:\/\/pages.lip.pt\/nucria\/wp-content\/uploads\/sites\/23\/2023\/01\/GSI-Darmstadt-Sudbau-1536x1152.jpg 1536w, https:\/\/pages.lip.pt\/nucria\/wp-content\/uploads\/sites\/23\/2023\/01\/GSI-Darmstadt-Sudbau.jpg 2048w\" sizes=\"(max-width: 767px) 89vw, (max-width: 1000px) 54vw, (max-width: 1071px) 543px, 580px\" \/><\/figure><div class=\"wp-block-media-text__content\">\n<p class=\"has-text-align-left\"><strong>GSI Helmholtz Centre for Heavy Ion Research <\/strong>is situated in <a href=\"https:\/\/goo.gl\/maps\/mWyGrdtHa4fPjUU2A\" data-type=\"URL\" data-id=\"https:\/\/goo.gl\/maps\/mWyGrdtHa4fPjUU2A\">Darmstadt, Germany<\/a>.<\/p>\n\n\n\n<p>&#8220;Main fields of study include&nbsp;<a href=\"https:\/\/en.wikipedia.org\/wiki\/Plasma_physics\">plasma physics<\/a>,&nbsp;<a href=\"https:\/\/en.wikipedia.org\/wiki\/Atomic_physics\">atomic physics<\/a>,&nbsp;<a href=\"https:\/\/en.wikipedia.org\/wiki\/Nuclear_physics\">nuclear structure and reactions<\/a>&nbsp;research,&nbsp;<a href=\"https:\/\/en.wikipedia.org\/wiki\/Biophysics\">biophysics<\/a>&nbsp;and medical research&#8221;<\/p>\n<\/div><\/div>\n\n\n\n<div class=\"wp-block-media-text alignwide is-stacked-on-mobile\" style=\"grid-template-columns:40% auto\"><figure class=\"wp-block-media-text__media\"><img decoding=\"async\" width=\"1024\" height=\"683\" src=\"https:\/\/pages.lip.pt\/nucria\/wp-content\/uploads\/sites\/23\/2023\/01\/DSC5172-1024x683.jpg\" alt=\"\" class=\"wp-image-133 size-full\" srcset=\"https:\/\/pages.lip.pt\/nucria\/wp-content\/uploads\/sites\/23\/2023\/01\/DSC5172-1024x683.jpg 1024w, https:\/\/pages.lip.pt\/nucria\/wp-content\/uploads\/sites\/23\/2023\/01\/DSC5172-300x200.jpg 300w, https:\/\/pages.lip.pt\/nucria\/wp-content\/uploads\/sites\/23\/2023\/01\/DSC5172-768x512.jpg 768w, https:\/\/pages.lip.pt\/nucria\/wp-content\/uploads\/sites\/23\/2023\/01\/DSC5172.jpg 1440w\" sizes=\"(max-width: 767px) 89vw, (max-width: 1000px) 54vw, (max-width: 1071px) 543px, 580px\" \/><\/figure><div class=\"wp-block-media-text__content\">\n<p><strong>ISOLDE Isotope Separator On Line DEvice <\/strong>is part of CERN and is situated <a href=\"https:\/\/goo.gl\/maps\/3RHEqjiL3V2jyDzRA\" data-type=\"URL\" data-id=\"https:\/\/goo.gl\/maps\/3RHEqjiL3V2jyDzRA\">Franco-Swiss border<\/a>.<\/p>\n\n\n\n<p>&#8220;ISOLDE benefits of applications covering nuclear, atomic, molecular, solid-state physics, biophysics and astrophysics.&#8221;<\/p>\n<\/div><\/div>\n\n\n\n<div class=\"wp-block-media-text alignwide is-stacked-on-mobile\" style=\"grid-template-columns:41% auto\"><figure class=\"wp-block-media-text__media\"><img loading=\"lazy\" decoding=\"async\" width=\"378\" height=\"252\" src=\"https:\/\/pages.lip.pt\/nucria\/wp-content\/uploads\/sites\/23\/2023\/02\/lns.jpg\" alt=\"\" class=\"wp-image-156 size-full\" srcset=\"https:\/\/pages.lip.pt\/nucria\/wp-content\/uploads\/sites\/23\/2023\/02\/lns.jpg 378w, https:\/\/pages.lip.pt\/nucria\/wp-content\/uploads\/sites\/23\/2023\/02\/lns-300x200.jpg 300w\" sizes=\"(max-width: 378px) 100vw, 378px\" \/><\/figure><div class=\"wp-block-media-text__content\">\n<p><strong>LNS<\/strong> <strong>L<\/strong>aboratori<strong> N<\/strong>azionali del <strong>S<\/strong>ud is situated in Catania, Italy.<\/p>\n\n\n\n<p>&#8220;The activities of the LNS are (&#8230;) research in the fields of Nuclear Physics, Nuclear and Particle Astrophysics, but also towards applied research, such as Accelerator Physics, Plasma Physics, Nuclear Physics&#8221;<\/p>\n<\/div><\/div>\n\n\n\n<div class=\"wp-block-media-text alignwide is-stacked-on-mobile\" style=\"grid-template-columns:42% auto\"><figure class=\"wp-block-media-text__media\"><img loading=\"lazy\" decoding=\"async\" width=\"846\" height=\"564\" src=\"https:\/\/pages.lip.pt\/nucria\/wp-content\/uploads\/sites\/23\/2023\/02\/CNA_3MV_tandem_accelerator.jpg\" alt=\"\" class=\"wp-image-158 size-full\" srcset=\"https:\/\/pages.lip.pt\/nucria\/wp-content\/uploads\/sites\/23\/2023\/02\/CNA_3MV_tandem_accelerator.jpg 846w, https:\/\/pages.lip.pt\/nucria\/wp-content\/uploads\/sites\/23\/2023\/02\/CNA_3MV_tandem_accelerator-300x200.jpg 300w, https:\/\/pages.lip.pt\/nucria\/wp-content\/uploads\/sites\/23\/2023\/02\/CNA_3MV_tandem_accelerator-768x512.jpg 768w\" sizes=\"(max-width: 767px) 89vw, (max-width: 1000px) 54vw, (max-width: 1071px) 543px, 580px\" \/><\/figure><div class=\"wp-block-media-text__content\">\n<p><strong>CNA<\/strong> <strong>C<\/strong>entro <strong>N<\/strong>acional de <strong>A<\/strong>celeradores is situated in Seville, Spain.<\/p>\n\n\n\n<p>&#8220;CNA (&#8230;) is dedicated to interdisciplinary research (&#8230;) covers fields as diverse as material sciences, environmental impact, nuclear and particle physics, nuclear instrumentation, medical imaging, biomedical research (&#8230;)&#8221;<\/p>\n<\/div><\/div>\n\n\n\n<hr class=\"wp-block-separator has-alpha-channel-opacity is-style-default\" \/>\n\n\n\n<p> <\/p>\n\n\n\n<h1 class=\"wp-block-heading\">Internships<\/h1>\n\n\n\n<div class=\"wp-block-media-text alignwide has-media-on-the-right is-stacked-on-mobile\"><div class=\"wp-block-media-text__content\">\n<p><strong>LIP Laborat\u00f3rio de Instrumenta\u00e7\u00e3o e F\u00edsica de Part\u00edculas<\/strong> is a research facility present in several portuguese cities.&nbsp;<\/p>\n\n\n\n<p>&#8220;Researchers at LIP (&#8230;) develop new instruments and methods which have applications in (&#8230;) health care technologies, space exploration and information technology.&#8221;<\/p>\n\n\n\n<p>During the summer, LIP offers an internship program for Physics and Engineering students. <\/p>\n<\/div><figure class=\"wp-block-media-text__media\"><img loading=\"lazy\" decoding=\"async\" width=\"1024\" height=\"576\" src=\"https:\/\/pages.lip.pt\/nucria\/wp-content\/uploads\/sites\/23\/2023\/02\/candidaturas-a-bolsas-de-doutoramento-portugal-cern-2021-1140x641-1-1024x576.jpg\" alt=\"\" class=\"wp-image-151 size-full\" srcset=\"https:\/\/pages.lip.pt\/nucria\/wp-content\/uploads\/sites\/23\/2023\/02\/candidaturas-a-bolsas-de-doutoramento-portugal-cern-2021-1140x641-1-1024x576.jpg 1024w, https:\/\/pages.lip.pt\/nucria\/wp-content\/uploads\/sites\/23\/2023\/02\/candidaturas-a-bolsas-de-doutoramento-portugal-cern-2021-1140x641-1-300x169.jpg 300w, https:\/\/pages.lip.pt\/nucria\/wp-content\/uploads\/sites\/23\/2023\/02\/candidaturas-a-bolsas-de-doutoramento-portugal-cern-2021-1140x641-1-768x432.jpg 768w, https:\/\/pages.lip.pt\/nucria\/wp-content\/uploads\/sites\/23\/2023\/02\/candidaturas-a-bolsas-de-doutoramento-portugal-cern-2021-1140x641-1.jpg 1140w\" sizes=\"(max-width: 767px) 89vw, (max-width: 1000px) 54vw, (max-width: 1071px) 543px, 580px\" \/><\/figure><\/div>\n\n\n\n<div class=\"wp-block-media-text alignwide has-media-on-the-right is-stacked-on-mobile\"><div class=\"wp-block-media-text__content\">\n<p><strong>GSI-FAIR and HGS-HIRe<\/strong> organise an International Summer Student Program which is offered to a limited number of students in physics or related natural science disciplines from Europe or GSI-FAIR partner countries.<\/p>\n<\/div><figure class=\"wp-block-media-text__media\"><img loading=\"lazy\" decoding=\"async\" width=\"1024\" height=\"205\" src=\"https:\/\/pages.lip.pt\/nucria\/wp-content\/uploads\/sites\/23\/2023\/02\/sommer_banner-2023-1024x205.png\" alt=\"\" class=\"wp-image-159 size-full\" srcset=\"https:\/\/pages.lip.pt\/nucria\/wp-content\/uploads\/sites\/23\/2023\/02\/sommer_banner-2023-1024x205.png 1024w, https:\/\/pages.lip.pt\/nucria\/wp-content\/uploads\/sites\/23\/2023\/02\/sommer_banner-2023-300x60.png 300w, https:\/\/pages.lip.pt\/nucria\/wp-content\/uploads\/sites\/23\/2023\/02\/sommer_banner-2023-768x154.png 768w, https:\/\/pages.lip.pt\/nucria\/wp-content\/uploads\/sites\/23\/2023\/02\/sommer_banner-2023.png 1500w\" sizes=\"(max-width: 767px) 89vw, (max-width: 1000px) 54vw, (max-width: 1071px) 543px, 580px\" \/><\/figure><\/div>\n\n\n\n<div class=\"wp-block-media-text alignwide has-media-on-the-right is-stacked-on-mobile\"><div class=\"wp-block-media-text__content\">\n<h3 class=\"wp-block-heading\"> <\/h3>\n\n\n\n<p>During the summer months, <strong>CERN <\/strong>offers not just the opportunity to get involved in some of the world\u2019s biggest experiments,  but also to participate in the day-to-day work of multicultural teams. <\/p>\n\n\n\n<p> <\/p>\n<\/div><figure class=\"wp-block-media-text__media\"><img loading=\"lazy\" decoding=\"async\" width=\"1024\" height=\"576\" src=\"https:\/\/pages.lip.pt\/nucria\/wp-content\/uploads\/sites\/23\/2023\/02\/SummerStudents2018-1024x576.jpg\" alt=\"\" class=\"wp-image-152 size-full\" srcset=\"https:\/\/pages.lip.pt\/nucria\/wp-content\/uploads\/sites\/23\/2023\/02\/SummerStudents2018-1024x576.jpg 1024w, https:\/\/pages.lip.pt\/nucria\/wp-content\/uploads\/sites\/23\/2023\/02\/SummerStudents2018-300x169.jpg 300w, https:\/\/pages.lip.pt\/nucria\/wp-content\/uploads\/sites\/23\/2023\/02\/SummerStudents2018-768x432.jpg 768w, https:\/\/pages.lip.pt\/nucria\/wp-content\/uploads\/sites\/23\/2023\/02\/SummerStudents2018.jpg 1200w\" sizes=\"(max-width: 767px) 89vw, (max-width: 1000px) 54vw, (max-width: 1071px) 543px, 580px\" \/><\/figure><\/div>\n\n\n\n<div class=\"wp-block-media-text alignwide has-media-on-the-right is-stacked-on-mobile\"><div class=\"wp-block-media-text__content\">\n<p><strong>The ESA-FAIR Space Radiation School 2023<\/strong>&nbsp;has been established to train students in basic heavy ion biophysics for terrestrial and space applications. The internships will contribute to research and development in biomedical and biophysical applications of heavy ions. <\/p>\n<\/div><figure class=\"wp-block-media-text__media\"><img loading=\"lazy\" decoding=\"async\" width=\"798\" height=\"1024\" src=\"https:\/\/pages.lip.pt\/nucria\/wp-content\/uploads\/sites\/23\/2023\/02\/1672657722790-798x1024.jpeg\" alt=\"\" class=\"wp-image-153 size-full\" srcset=\"https:\/\/pages.lip.pt\/nucria\/wp-content\/uploads\/sites\/23\/2023\/02\/1672657722790-798x1024.jpeg 798w, https:\/\/pages.lip.pt\/nucria\/wp-content\/uploads\/sites\/23\/2023\/02\/1672657722790-234x300.jpeg 234w, https:\/\/pages.lip.pt\/nucria\/wp-content\/uploads\/sites\/23\/2023\/02\/1672657722790-768x986.jpeg 768w, https:\/\/pages.lip.pt\/nucria\/wp-content\/uploads\/sites\/23\/2023\/02\/1672657722790.jpeg 800w\" sizes=\"(max-width: 767px) 89vw, (max-width: 1000px) 54vw, (max-width: 1071px) 543px, 580px\" \/><\/figure><\/div>\n","protected":false},"excerpt":{"rendered":"<p>Hey! Good to see you here, so you&#8217;re a student and intend on exploring the areas of nuclear reactions, instrumentation, nuclear astrophysics, medical physics and simulation! On this page you can explore the research opportunities we have for bachelor (BsC), master (MsC) and doctor (PhD) levels. You can also find information regarding internships and feedback &hellip; <\/p>\n<p class=\"link-more\"><a href=\"https:\/\/pages.lip.pt\/nucria\/for-students\/\" class=\"more-link\">Continue reading<span class=\"screen-reader-text\"> &#8220;For students&#8221;<\/span><\/a><\/p>\n","protected":false},"author":28,"featured_media":0,"parent":0,"menu_order":0,"comment_status":"closed","ping_status":"closed","template":"","meta":{"footnotes":""},"class_list":["post-67","page","type-page","status-publish","hentry"],"_links":{"self":[{"href":"https:\/\/pages.lip.pt\/nucria\/wp-json\/wp\/v2\/pages\/67","targetHints":{"allow":["GET"]}}],"collection":[{"href":"https:\/\/pages.lip.pt\/nucria\/wp-json\/wp\/v2\/pages"}],"about":[{"href":"https:\/\/pages.lip.pt\/nucria\/wp-json\/wp\/v2\/types\/page"}],"author":[{"embeddable":true,"href":"https:\/\/pages.lip.pt\/nucria\/wp-json\/wp\/v2\/users\/28"}],"replies":[{"embeddable":true,"href":"https:\/\/pages.lip.pt\/nucria\/wp-json\/wp\/v2\/comments?post=67"}],"version-history":[{"count":14,"href":"https:\/\/pages.lip.pt\/nucria\/wp-json\/wp\/v2\/pages\/67\/revisions"}],"predecessor-version":[{"id":363,"href":"https:\/\/pages.lip.pt\/nucria\/wp-json\/wp\/v2\/pages\/67\/revisions\/363"}],"wp:attachment":[{"href":"https:\/\/pages.lip.pt\/nucria\/wp-json\/wp\/v2\/media?parent=67"}],"curies":[{"name":"wp","href":"https:\/\/api.w.org\/{rel}","templated":true}]}}