{"id":63,"date":"2023-03-10T14:12:12","date_gmt":"2023-03-10T14:12:12","guid":{"rendered":"https:\/\/pages.lip.pt\/nucria\/?page_id=63"},"modified":"2023-08-02T17:23:30","modified_gmt":"2023-08-02T17:23:30","slug":"publications","status":"publish","type":"page","link":"https:\/\/pages.lip.pt\/nucria\/publications\/","title":{"rendered":"Publications"},"content":{"rendered":"\n<div class=\"wp-block-columns is-layout-flex wp-container-core-columns-is-layout-9d6595d7 wp-block-columns-is-layout-flex\">\n<div class=\"wp-block-column is-vertically-aligned-center is-layout-flow wp-block-column-is-layout-flow\" style=\"flex-basis:20%\">\n<div class=\"wp-block-buttons is-content-justification-center is-layout-flex wp-container-core-buttons-is-layout-16018d1d wp-block-buttons-is-layout-flex\">\n<div class=\"wp-block-button has-custom-width wp-block-button__width-100 has-custom-font-size is-style-outline is-style-outline--1\" id=\"Article\" style=\"font-size:11px\"><a class=\"wp-block-button__link wp-element-button\" href=\"#articles\">Articles<\/a><\/div>\n<\/div>\n<\/div>\n\n\n\n<div class=\"wp-block-column is-vertically-aligned-center is-layout-flow wp-block-column-is-layout-flow\" style=\"flex-basis:20%\">\n<div class=\"wp-block-buttons is-content-justification-center is-layout-flex wp-container-core-buttons-is-layout-16018d1d wp-block-buttons-is-layout-flex\">\n<div class=\"wp-block-button has-custom-width wp-block-button__width-100 has-custom-font-size is-style-outline is-style-outline--2\" style=\"font-size:11px\"><a class=\"wp-block-button__link wp-element-button\" href=\"#book-chapters\">Book Chapters<\/a><\/div>\n<\/div>\n<\/div>\n\n\n\n<div class=\"wp-block-column is-vertically-aligned-center is-layout-flow wp-block-column-is-layout-flow\" style=\"font-size:11px;flex-basis:20%\">\n<div class=\"wp-block-buttons is-content-justification-center is-layout-flex wp-container-core-buttons-is-layout-16018d1d wp-block-buttons-is-layout-flex\">\n<div class=\"wp-block-button has-custom-width wp-block-button__width-100 has-custom-font-size is-style-outline is-style-outline--3\" style=\"font-size:11px\"><a class=\"wp-block-button__link wp-element-button\" href=\"#proceedings\">Proceedings<\/a><\/div>\n<\/div>\n<\/div>\n\n\n\n<div class=\"wp-block-column is-vertically-aligned-center is-layout-flow wp-block-column-is-layout-flow\" style=\"flex-basis:20%\">\n<div class=\"wp-block-buttons is-content-justification-center is-layout-flex wp-container-core-buttons-is-layout-16018d1d wp-block-buttons-is-layout-flex\">\n<div class=\"wp-block-button has-custom-width wp-block-button__width-100 has-custom-font-size is-style-outline is-style-outline--4\" style=\"font-size:11px\"><a class=\"wp-block-button__link wp-element-button\" href=\"#technical-reports\">Technical reports<\/a><\/div>\n<\/div>\n<\/div>\n\n\n\n<div class=\"wp-block-column is-vertically-aligned-center is-layout-flow wp-block-column-is-layout-flow\" style=\"flex-basis:20%\">\n<div class=\"wp-block-buttons is-content-justification-center is-layout-flex wp-container-core-buttons-is-layout-16018d1d wp-block-buttons-is-layout-flex\">\n<div class=\"wp-block-button has-custom-width wp-block-button__width-100 has-custom-font-size is-style-outline is-style-outline--5\" style=\"font-size:11px\"><a class=\"wp-block-button__link wp-element-button\" href=\"#thesis\">Thesis<\/a><\/div>\n<\/div>\n<\/div>\n<\/div>\n\n\n\n<p>A list of publications done by the group<\/p>\n\n\n\n<h2 class=\"wp-block-heading has-medium-font-size\" id=\"articles\">Articles <\/h2>\n\n\n\n<h4 class=\"wp-block-heading\">2023<\/h4>\n\n\n\n<p style=\"font-size:15px\">J. D\u00edaz-Ovejas, I. Martel, D. Dell&#8217;Aquila, et al. (40 authors).<br><em>Suppression of Coulomb-nuclear interference in the near-barrier elastic scattering of 17Ne from 208Pb<\/em><br><a href=\"https:\/\/doi.org\/10.1016\/j.physletb.2023.138007\">Phys. Lett. B <strong>843<\/strong>, 138007 (2023)<\/a><\/p>\n\n\n\n<p>F. Wamers, C. Lehr, J. Margeniec-Galazka, et al. (40 authors).<br><em>Diverse mechanisms in proton knockout reactions from the Borromean nucleus 17Ne<\/em><br><a href=\"https:\/\/doi.org\/10.1140\/epja\/s10050-023-01063-y\">Eur. Phys. J. A <strong>59<\/strong>, 154 (2023)<\/a><\/p>\n\n\n\n<h4 class=\"wp-block-heading\">2022<\/h4>\n\n\n\n<p style=\"font-size:15px\">C. M. Coelho, L. Pereira, P. Teubig, et al.  (8 authors)<br><em>Radiation as a Tool against Neurodegeneration\u2014A Potential Treatment for Amyloidosis in the Central Nervous System. <\/em><br><a href=\"https:\/\/doi.org\/10.3390\/ijms232012265\">Int. J. Mol. Sci. <strong>23<\/strong>, 12265 (2022)<\/a><\/p>\n\n\n\n<p style=\"font-size:15px\">R. F. Silva, J. M. Sampaio, P. Amaro, et al. (6 authors)<br><em>Structure Calculations in Nd III and U III Relevant for Kilonovae Modelling<\/em>. <br><a href=\"https:\/\/doi.org\/10.3390\/atoms10010018\">Atoms 10, 18 (2022).<\/a><\/p>\n\n\n\n<p>C. Lehr, F. Wamers, F. Aksouh, et al. (65 authors)<br><em>Unveiling the two-proton halo character of Ne-17: Exclusive measurement of quasi-free proton-knockout reactions<\/em><br><a href=\"https:\/\/doi.org\/10.1016\/j.physletb.2022.136957\">Phys. Lett. B <strong>827<\/strong>, 136957 (2022)<\/a><\/p>\n\n\n\n<p>A. Morozov, L. M. S. Margato, A. Blanco, and D. Galaviz (4 authors)<br><em>Concept of a fast neutron detector based on B-10-RPCs<\/em><br><a href=\"https:\/\/dx.doi.org\/10.1088\/1748-0221\/17\/02\/P02016\">JINST <strong>17<\/strong>, P02016 (2022)<\/a><\/p>\n\n\n\n<p>J. M. Boillos, D. Cortina-Gil, J. Benlliure, et al. (100 authors)<br><em>Isotopic cross sections of fragmentation residues produced by light projectiles on carbon near 400A MeV<\/em><br><a href=\"https:\/\/doi.org\/10.1103\/PhysRevC.105.014611\">Phys. Rev. C <strong>105<\/strong>, 014611 (2022)<\/a><\/p>\n\n\n\n<h4 class=\"wp-block-heading\">2021<\/h4>\n\n\n\n<p style=\"font-size:15px\">Cruz, J., \u2026, P. Teubig, et al., Fluorine depth profiling based on the 19F(p,p\u2019\u03b3)19F excitation function. Eur. Phys. J. Plus (2021)&nbsp;<strong>136<\/strong>: 969<\/p>\n\n\n\n<p style=\"font-size:15px\">Boretzky, K., \u2026, P. Teubig, et al., NeuLAND: The high-resolution neutron time-of-flight spectrometer for R3B at FAIR. Nuclear Instruments and Methods A 1014: 165701 (2021).<\/p>\n\n\n\n<p style=\"font-size:15px\">Cabanelas, P., &#8230;, P. Teubig. Commissioning of the CALIFA Barrel of the R3B Experiment at FAIR. J. Physics: Conference Series 1667, 012006 (2020).<\/p>\n\n\n\n<h4 class=\"wp-block-heading\">2020<\/h4>\n\n\n\n<p style=\"font-size:15px\">Cabanelas, P., &#8230;, P. Teubig. Performance recovery of long CsI(Tl) scintillator crystals with APD-based readout. Nuclear Instruments and Methods A 965: 163845 (2020).<\/p>\n\n\n\n<p style=\"font-size:15px\">Ramos, D., &#8230;, P. Teubig. Scission configuration of&nbsp;<em>239<\/em>U from yields and kinetic information of fission fragments Physical Review Letters C 101, 034609 (2020).<\/p>\n\n\n\n<p style=\"font-size:15px\">Ovejas, J. D., &#8230;, P. Teubig et al.,Study of the&nbsp;6Li +p and&nbsp;7Li +p systems in the Continiuum Discretized channels approach. Acta. Phys. Pol. B. 51, 737 (2020).<\/p>\n\n\n\n<p style=\"font-size:15px\">J. Ferrer; B. Fern\u00e1ndez Garcia; J. P. Fern\u00e1ndez; Daniel Galaviz; G. Barba, Francisco; Vanda Godinho; Assunci\u00f3n Ben\u00edtez. &#8220;Novel solid $^4$He targets for experimental studies on nuclear reactions: 6Li + 4He differential cross-section measurement at incident energy of 5.5 MeV&#8221;. European Physical Journal Plus 135 6 (2020): 465-465.<\/p>\n\n\n\n<h4 class=\"wp-block-heading\">2019<\/h4>\n\n\n\n<p style=\"font-size:15px\">Knyazev, A. &#8230;&nbsp;<em>P. Teubig,<\/em> Properties of the CsI(Tl) detector elements of the CALIFA detector. Nuclear Instruments and Methods A940, 394-404 (2019).<\/p>\n\n\n\n<p style=\"font-size:15px\">Ramos, D., &#8230;, P. Teubig,First Direct Measurement of Isotopic Fission-Fragment Yields of&nbsp;<em>239<\/em>U. Physical Review Letters 123, 092503 (2019).<\/p>\n\n\n\n<p style=\"font-size:15px\">Chiari, M., &#8230; P. Teubig, et al.Measurement of proton induced gamma-ray emission cross sections on Na from 1.0 to 4.1 MeV. Nuclear Instruments and Methods A814, 56-65 (2017).<\/p>\n\n\n\n<h4 class=\"wp-block-heading\">2017<\/h4>\n\n\n\n<p style=\"font-size:15px\">Rodriguez-Tajes, C., &#8230; P. Teubig, <em>First inverse-kinematics fission measurements in a gaseous active target.<\/em> Nuclear Instruments and Methods A958, 246-265 (2017).<\/p>\n\n\n\n<p style=\"font-size:15px\">Pietras, B., &#8230; P. Teubig, et al. <em>First testing of the CALIFA Barrel demonstrator<\/em>.  Nuclear Instruments and Methods A814, 56-65 (2016).<\/p>\n\n\n\n<h4 class=\"wp-block-heading\">2016<\/h4>\n\n\n\n<p style=\"font-size:15px\">Cabanelas, P., &#8230; P. Teubig, et al. <em>Cross section for proton induced high energy gamma-ray emission (PIGE) in reaction&nbsp;19F(p,ag)16O at incidence proton energies between 1.5 and 4 MeV. <\/em>Nuclear Instruments and Methods B381, 110 (2016).<\/p>\n\n\n\n<h4 class=\"wp-block-heading\">2015<\/h4>\n\n\n\n<p style=\"font-size:15px\">H. Alvarez-Pol, &#8230;, P. Teubig. <em>Performance analysis for the CALIFA Barrel calorimeter of the R3B experiment.<\/em> Nuclear Instruments and Methods A767, 453-466 (2015).<\/p>\n\n\n\n<h4 class=\"wp-block-heading\">2014<\/h4>\n\n\n\n<p style=\"font-size:15px\">D. Cortina-Gil, &#8230;, P. Teubig,&nbsp;<em>et al. CALIFA, a Dedicated Calorimeter for the R3B\/FAIR.&nbsp;<\/em>Nuclear Data Sheets (0090-3752), 120, 99-101 (2014)..<\/p>\n\n\n\n<h2 class=\"wp-block-heading\" id=\"book-chapters\">Book Chapters<\/h2>\n\n\n\n<p style=\"font-size:15px\"><em>P. Teubig, et al. 2019.<\/em> Challenging the calorimeter CALIFA for FAIR using high energetic photons.&nbsp; In: <em>Basic concepts in Nuclear Physics: Theory, Experiments and Applications.<\/em> 2018 La R\u00e1bida International Scientific Meeting on Nuclear Physics. Springer Nature Switzerland AG,&nbsp; 245\u20132246. ISBN 978-8-3-03022204-8.<\/p>\n\n\n\n<p style=\"font-size:15px\"><em>E. Galiana, et al. 2019.<\/em> PIGE Technique within the EnsarRoot Framework. In: <em>Basic concepts in Nuclear Physics: Theory, Experiments and Applications.<\/em> 2018 La R\u00e1bida International Scientific Meeting on Nuclear Physics. Springer Nature Switzerland AG,&nbsp; 197-198. ISBN 978-8-3-03022204-8.<\/p>\n\n\n\n<p style=\"font-size:15px\"><em>S. Cabo Verde, &#8230;, P. Teubig, et al. 2010. Radiation Technology: processes and products \u2013 concepts and applications.<\/em> In: Radiation processing technology applications. Vol. 1: A comprehensive text covering various aspects of radiation processing with a focus on its applications in different industry sectors. Delhi: Shriram Institute for Industrial Research, 5-21. ISBN 978-81-910772-0-9.<\/p>\n\n\n\n<h2 class=\"wp-block-heading\" id=\"proceedings\">Proceedings<\/h2>\n\n\n\n<h3 class=\"wp-block-heading\" id=\"proceedings\"><strong>2023<\/strong><\/h3>\n\n\n\n<p>L. T. Bolt, K. Gobel, M. Heil, et al. (128 authors)<br><em>Coulomb dissociation of <sup>16<\/sup>O into <sup>4<\/sup>He and <sup>12<\/sup>C<\/em><br><a href=\"https:\/\/doi.org\/10.1051\/epjconf\/202327904003\">Eur. Phys. J. Web. Conf. <strong>279<\/strong>, 04003 (2023)<\/a><\/p>\n\n\n\n<p>A. A. Oliva, A. Tumino, N. Soic, et al. (44 authors)<br><em>Study of the <sup>12<\/sup>C+<sup>16<\/sup>O fusion reaction in carbon burning via the Trojan Horse Method<\/em><br><a href=\"https:\/\/doi.org\/10.1051\/epjconf\/202327911015\">Eur. Phys. J. Web. Conf. 279, 11015 (2023)<\/a><\/p>\n\n\n\n<p>M. Xarepe, T. Aumann, A. Blanco, et al. (15 authors)<br><em>Resistive plate chambers for precise measurement of high-momentum protons in short range correlations at R<sup>3<\/sup>B<\/em><br><a href=\"https:\/\/dx.doi.org\/10.1016\/j.nima.2023.168445\">Nucl. Instr. Meth. A <strong>1055<\/strong>, 168445 (2023)<\/a><\/p>\n\n\n\n<p>J. L. Rodr\u00edguez-S\u00e1nchez, A. Gra\u00f1a-Gonz\u00e1lez, J. Benlliure, et al. (70 authors)<br><em>Comprehensive investigation of fission yields by using spallation- and (p,2p)-induced fission reactions in inverse kinematics<\/em><br><a href=\"https:\/\/doi.org\/10.1051\/epjconf\/202328404020\">Eur. Phys. J. Web. Conf. 284, 04020 (2023)<\/a><\/p>\n\n\n\n<p>A. Gra\u00f1a-Gonz\u00e1lez, J. L. Rodr\u00edguez-S\u00e1nchez, J. Benlliure, et al. (62 authors)<br><em>Quasi-free (p,2p) reactions in inverse kinematics for studying the fission yield dependence on temperature<\/em><a href=\"https:\/\/pos.sissa.it\/419\/017\/pdf\"><br>PoS FAIRness2022 (2023) 017<\/a><\/p>\n\n\n\n<h3 class=\"wp-block-heading\"><strong>2022<\/strong><\/h3>\n\n\n\n<p style=\"font-size:15px\">Guerreiro, D., &#8230; P.Teubig et al., Scintillating array for real \u2013 time high \u2013 resolution ion therapy dosimetry \u2013 Initial Design and Simulations.\u00a0<em>PoS<\/em>\u00a0PANIC2021 (2022) 041.<\/p>\n\n\n\n<p style=\"font-size:15px\">Xarepe, M., &#8230; P. Teubig et al., Determination of&nbsp;118Sn(p,gamma)119Sb cross-section at astrophysical energies form X-ray emission yields.<em>PoS<\/em>&nbsp;PANIC2021 (2022) 343.<\/p>\n\n\n\n<p style=\"font-size:15px\">Ovejas, J. D., &#8230;, P. Teubig et al., Study of the scattering of&nbsp;15C at energies around the Coulomb barrier. J.Phys.Conf.Ser. 1643 (2020) 1, 012095 \u2022 Contribution to: INPC 2019<\/p>\n\n\n\n<p style=\"font-size:15px\">Ovejas, J. D., &#8230;, P. Teubig et al., Halo effects in the low-energy scattering of&nbsp;15C with heavy targets.Acta Phys.Polon.B 51 (2020) 731 \u2022 Contribution to: 36th Mazyrian Lakes Conference on Physics, 731.<\/p>\n\n\n\n<p style=\"font-size:15px\">G. Mantovani, &#8230; P. Teubig et al., Study of High-Energy Fission in Inverse Kinematics. IV International Conference on Nuclear Structure and Dynamics (NSD2019). EPJ Web Conf. 223 (2019).<\/p>\n\n\n\n<p style=\"font-size:15px\">J. Adamczewski-Musch, &#8230;, P. Teubig,&nbsp;<em>et al<\/em>.<em>Performance of timing Resistive Plate Chambers with relativistic neutrons from 300 to 1500 MeV.<\/em>&nbsp;Journal of Instrumentation C10, 01043 (2015)<\/p>\n\n\n\n<p style=\"font-size:15px\">J. Adamczewski-Musch, &#8230;, P. Teubig,&nbsp;<em>et al<\/em>.&nbsp;<em>Performance of timing Resistive Plate Chambers with protons from 200 to 800 MeV.<\/em>&nbsp;Journal of Instrumentation C10, 02034 (2015).<\/p>\n\n\n\n<p style=\"font-size:15px\">R. Reifarth,&nbsp;<em>et al.<\/em>&nbsp;for the R3B Collaboration. *Nuclear astrophysics with radioactive ions at FAIR.*Nuclear Physics in Astrophysics NPA-VI, May 19-24th 2013, Lisbon, Portugal, Proceedings of Science, PoS 665, 012044 (2016).<\/p>\n\n\n\n<p style=\"font-size:15px\">J. Machado, &#8230;, P. Teubig. *Simulations of an innovative ToF detector for high energy neutrons based on iron-less RPCs.*Proceedings of the XI workshop on Resistive Plate Chambers and Related Detectors. Proceedings of Science, PoS(RPC2012) 039 (2014).<\/p>\n\n\n\n<p style=\"font-size:15px\">J. Machado, &#8230;, P. Teubig. *Simulations of a new detection concept for high-energy neutrons based on timing RPCs.*Journal of Instrumentation, 2013, 8, P07020.<\/p>\n\n\n\n<p style=\"font-size:15px\">A. L. Ant\u00f3nio, &#8230;, P. Teubig,&nbsp;*et al. Influence of gamma radiation on the antioxidant properties of edible chestnut.*National Association for Applications of Radioisotopes and Radiation in Industry. Volume 2. NAARRI International Conference &#8211; 13th&nbsp;&#8211; 15th&nbsp;Dec, 2010, Mumbai, India, Volume 1, 56 (2010).<\/p>\n\n\n\n<p style=\"font-size:15px\">M. Lu\u00edsa Botelho, &#8230;, P. Teubig,&nbsp;*et al. The implementation of radiology technology program in Portugal.*NAARRI International Conference &#8211; 13th&nbsp;&#8211; 15th&nbsp;Dec 2010, Mumbai, India, Volume 1, 63 (2010).<\/p>\n\n\n\n<h2 class=\"wp-block-heading\" id=\"technical-reports\">Technical reports<\/h2>\n\n\n\n<p style=\"font-size:15px\">D. Cortina-Gil, &#8230;, P. Teubig,&nbsp;<em>et al<\/em>.&nbsp;<em>Status of the CALIFA\/R3B Calorimeter.<\/em>&nbsp;GSI Scientific Report 2013, 198 (2013).<\/p>\n\n\n\n<p style=\"font-size:15px\">K. Boretzky, &#8230;, P. Teubig,&nbsp;<em>et al<\/em>.&nbsp;<em>Construction and Test of a large NeuLand prototype array.<\/em>&nbsp;GSI Scientific Report 2013, 190 (2013).<\/p>\n\n\n\n<p style=\"font-size:15px\">J. Machado, &#8230;, P. Teubig,&nbsp;<em>et al<\/em>. *Testing of a Multigap Resistive Plate Chamber (MRPCs) with relativistic Neutrons at Experiment S406.*GSI Scientific Report 2013, 195 (2013).<\/p>\n\n\n\n<p style=\"font-size:15px\">J. Machado, &#8230;, P. Teubig,&nbsp;<em>et al<\/em>.&nbsp;<em>Testing Multigap Resistive Plate Chambers (MRPCs) with Relativistic Neutrons at Experiment S406.<\/em>&nbsp;GSI Scientific Report 2012, 197 (2012).<\/p>\n\n\n\n<p style=\"font-size:15px\">J. Machado, &#8230;, P. Teubig,&nbsp;<em>et al. Construction and Test of a Large NeuLAND Prototype Array.<\/em>&nbsp;GSI Scientific Report 2012, 190 (2012).<\/p>\n\n\n\n<p style=\"font-size:15px\">K. Boretzky, &#8230;, P. Teubig,&nbsp;<em>et al<\/em>.&nbsp;<em>A Fully-Active Detector for Time-of-Flight and Calorimetry of Fast Neutrons.<\/em>&nbsp;GSI PHN-NUSTAR-NR-02, Scientific Report 2011, 174 (2011).<\/p>\n\n\n\n<p style=\"font-size:15px\">H. Alvarez-Pol, &#8230;, P. Teubig,&nbsp;<em>et al<\/em>. *Technical Report for the Design, Construction and Commissioning of The CALIFA Barrel: The R3B CALorimeter for In Flight detection of gamma-rays and high energy charged pArticles.*Submitted to the FAIR GmbH Management ( 2011).<\/p>\n\n\n\n<p style=\"font-size:15px\">D. Bertini, &#8230;, P. Teubig,&nbsp;<em>et al<\/em>. *Technical Report for the Design, Construction and Commissioning of NeuLAND: The High Resolution Neutron Time-of-Flight Spectrometer for R3B.*Submitted to the FAIR GmbH Management ( 2011).<\/p>\n\n\n\n<p style=\"font-size:15px\">E. Fiori, P. Teubig,&nbsp;<em>et al<\/em>.&nbsp;<em>Event Reconstruction with the CALIFA calorimeter.<\/em>&nbsp;GSI Scientific Report (2011).<\/p>\n\n\n\n<p style=\"font-size:15px\">H. Alvarez-Pol, &#8230;, P. Teubig,&nbsp;<em>et al<\/em>.&nbsp;<em>Technical design of the CALIFA\/R3B Barrel detector.<\/em>&nbsp;GSI Scientific Report (2011).<\/p>\n\n\n\n<p style=\"font-size:15px\">F. Louren\u00e7o, &#8230;, P. Teubig, J. Machado,&nbsp;<em>et al<\/em>. *Development of a Reference Database for Particle-Induced Gamma ray Emission (PIGE) Spectroscopy \u2013 Concerted Project IAEA.*ITN Annual Report (2011).<\/p>\n\n\n\n<p style=\"font-size:15px\">P. Teubig,&nbsp;<em>et al<\/em>.&nbsp;<em>Determination of (p,n) reaction cross sections of astrophysical interest.<\/em>&nbsp;ITN Annual Report (2011).<\/p>\n\n\n\n<p style=\"font-size:15px\">T. Aumann, &#8230;, P. Teubig,&nbsp;<em>et al<\/em>.&nbsp;<em>NeuLAND &#8211; Concepts for the Detection of Fast Neutrons.<\/em>&nbsp;GSI Scientific Report 2010. PHN-NUSTAR-NR-18: 180 (2010).<\/p>\n\n\n\n<h1 class=\"wp-block-heading\" id=\"thesis\">Thesis<\/h1>\n\n\n\n<p><strong>PhD Thesis<\/strong><\/p>\n\n\n\n<p><span style=\"text-decoration: underline\">Elisabet Galiana Bald\u00f3<\/span><br>PhD in Physics at the University of Santiago de Compostela (Spain)<br><em><a href=\"https:\/\/minerva.usc.es\/xmlui\/handle\/10347\/30906\">Proton Induced Gamma Emission cross sections in <sup>35<\/sup>Cl and <sup>37<\/sup>Cl and simulation developments in applied gamma spectroscopy<\/a><\/em><br>June 2023<\/p>\n\n\n\n<p><span style=\"text-decoration: underline\">Paulo Jorge Fernandes Velho<\/span><br>PhD in Physics at the Faculty of Sciences of the University of Lisbon (Portugal)<br><a href=\"https:\/\/repositorio.ul.pt\/handle\/10451\/45584\"><em>Study of ground state properties of halo nuclei via quasi-free scattering reactions at the R<sup>3<\/sup>B setup at GSI<\/em><\/a><br>December 2019<\/p>\n\n\n\n<p><span style=\"text-decoration: underline\">Ana Isabel Martinho Henriques<\/span><br>PhD in Physics at the Faculty of Sciences of the University of Lisbon (Portugal)<br><a href=\"https:\/\/repositorio.ul.pt\/handle\/10451\/30385\"><em>Study of ground state properties of the halo nucleus <sup>11<\/sup>Be via scattering on a proton target at quais-free scattering conditions performed at the R<sup>3<\/sup>B setup at GSI<\/em><\/a><br>July 2017<\/p>\n\n\n\n<p><strong>M.Sc. Thesis<\/strong><\/p>\n\n\n\n<p><span style=\"text-decoration: underline\">Tom\u00e1s Correia Sousa<\/span><br>Master in Engineering Physics at the Faculty of Sciences of the University of Lisbon (Portugal)<br>Characterization of CsI(Tl) Crystals and Implementation of tools for the CALIFA calorimeter at FAIR<br>July 2023<\/p>\n\n\n\n<p><span style=\"text-decoration: underline\">Lia da Concei\u00e7\u00e3o Pereira<\/span><br>Master in Biophysics and Biomedical Engineering at the Faculty of Sciences of the University of Lisbon (Portugal)<br>The effects of radiation on amyloids and cells experimentally and modeled using the TOPAS framework<br>May 2023<\/p>\n\n\n\n<p><span style=\"text-decoration: underline\">Jo\u00e3o Afonso Peres Jantarada<\/span> <br>Master in  Physics at the Faculty of Sciences of the University of Lisbon (Portugal)<br><a href=\"https:\/\/repositorio.ul.pt\/handle\/10451\/56729\"><em>Creation of p-nuclei in a type II Supernova Explosion: Simulation using the NucNet Tools code<\/em><\/a><br>February 2023<\/p>\n\n\n\n<p><span style=\"text-decoration: underline\">Rita Alexandra Neto Pestana <\/span><br>Master in Engineering Physics at the Faculty of Sciences of the University of Lisbon (Portugal)<br><em><a href=\"https:\/\/repositorio.ul.pt\/handle\/10451\/55706\">Development of a Standard Methodology for Online Dose Calculation in Air.<\/a><\/em><br>December 2022<\/p>\n\n\n\n<p><\/p>\n","protected":false},"excerpt":{"rendered":"<p>A list of publications done by the group Articles 2023 J. D\u00edaz-Ovejas, I. Martel, D. Dell&#8217;Aquila, et al. (40 authors).Suppression of Coulomb-nuclear interference in the near-barrier elastic scattering of 17Ne from 208PbPhys. Lett. B 843, 138007 (2023) F. Wamers, C. Lehr, J. Margeniec-Galazka, et al. (40 authors).Diverse mechanisms in proton knockout reactions from the Borromean &hellip; <\/p>\n<p class=\"link-more\"><a href=\"https:\/\/pages.lip.pt\/nucria\/publications\/\" class=\"more-link\">Continue reading<span class=\"screen-reader-text\"> &#8220;Publications&#8221;<\/span><\/a><\/p>\n","protected":false},"author":28,"featured_media":0,"parent":0,"menu_order":0,"comment_status":"closed","ping_status":"closed","template":"","meta":{"footnotes":""},"class_list":["post-63","page","type-page","status-publish","hentry"],"_links":{"self":[{"href":"https:\/\/pages.lip.pt\/nucria\/wp-json\/wp\/v2\/pages\/63","targetHints":{"allow":["GET"]}}],"collection":[{"href":"https:\/\/pages.lip.pt\/nucria\/wp-json\/wp\/v2\/pages"}],"about":[{"href":"https:\/\/pages.lip.pt\/nucria\/wp-json\/wp\/v2\/types\/page"}],"author":[{"embeddable":true,"href":"https:\/\/pages.lip.pt\/nucria\/wp-json\/wp\/v2\/users\/28"}],"replies":[{"embeddable":true,"href":"https:\/\/pages.lip.pt\/nucria\/wp-json\/wp\/v2\/comments?post=63"}],"version-history":[{"count":30,"href":"https:\/\/pages.lip.pt\/nucria\/wp-json\/wp\/v2\/pages\/63\/revisions"}],"predecessor-version":[{"id":358,"href":"https:\/\/pages.lip.pt\/nucria\/wp-json\/wp\/v2\/pages\/63\/revisions\/358"}],"wp:attachment":[{"href":"https:\/\/pages.lip.pt\/nucria\/wp-json\/wp\/v2\/media?parent=63"}],"curies":[{"name":"wp","href":"https:\/\/api.w.org\/{rel}","templated":true}]}}