{"id":66,"date":"2021-02-08T20:08:44","date_gmt":"2021-02-08T20:08:44","guid":{"rendered":"https:\/\/pages.lip.pt\/loumu\/?page_id=66"},"modified":"2023-04-09T03:17:02","modified_gmt":"2023-04-09T03:17:02","slug":"tomografia-de-muoes-cronologia","status":"publish","type":"page","link":"https:\/\/pages.lip.pt\/loumu\/tomografia-de-muoes-cronologia\/","title":{"rendered":"Hist\u00f3ria da Muografia"},"content":{"rendered":"\n<blockquote class=\"wp-block-quote is-layout-flow wp-block-quote-is-layout-flow\">\n<p>A t\u00e9cnica que hoje em dia se conhece pelo nome de muografia resulta de uma s\u00e9rie de descobertas, experi\u00eancias e desenvolvimentos tecnol\u00f3gicos ao longo das \u00faltimas d\u00e9cadas.  <\/p>\n\n\n\n<p>Essa cronologia \u00e9 aqui contada numa sele\u00e7\u00e3o de alguns eventos importantes,  trabalhos pioneiros e de refer\u00eancia na aplica\u00e7\u00e3o dos mu\u00f5es. <\/p>\n<\/blockquote>\n\n\n\n<hr class=\"wp-block-separator is-style-dots\" id=\"block-bfc9e66f-c6dd-49cb-8e2a-7749e75eed5a\" \/>\n\n\n\n<h1 class=\"wp-block-heading\" id=\"block-09b46a2c-ac2b-4409-b213-2f0060113a08\"><strong>1912<\/strong><\/h1>\n\n\n<div class=\"wp-block-image\">\n<figure class=\"alignleft size-large is-resized\"><img decoding=\"async\" src=\"https:\/\/pages.lip.pt\/loumu\/wp-content\/uploads\/sites\/7\/2021\/02\/1_2.png\" alt=\"\" class=\"wp-image-109\" width=\"122\" height=\"91\" \/><\/figure>\n<\/div>\n\n\n<p class=\"has-medium-font-size\" id=\"block-f416ff8e-62a4-49e4-bb83-6ddb1f333699\"><br><br><strong>Descoberta dos Raios C\u00f3smicos<\/strong><br><br><br><\/p>\n\n\n\n<p id=\"block-b77d7290-cd3c-4591-8a20-3f637dbb85f5\">O f\u00edsico austr\u00edaco Victor Hess descobre os raios c\u00f3smicos em uma s\u00e9rie de subidas num bal\u00e3o de ar quente, enquanto procurava a fonte da radia\u00e7\u00e3o de ioniza\u00e7\u00e3o observada no solo e na atmosfera. A sua maior subida foi a 5,3 km de altitude. Em 1936 recebe o pr\u00e9mio Nobel por esta descoberta.<\/p>\n\n\n\n<h1 class=\"wp-block-heading\" id=\"block-22ddd3e3-0bd9-48ba-834e-c269af88b61a\"><strong>1933<\/strong><\/h1>\n\n\n<div class=\"wp-block-image\">\n<figure class=\"alignleft size-large is-resized\" id=\"block-7d5cb3c1-3983-4983-bcab-bc353cca62d6\"><img decoding=\"async\" src=\"https:\/\/pages.lip.pt\/loumu\/wp-content\/uploads\/sites\/7\/2021\/02\/21.png\" alt=\"\" class=\"wp-image-173\" width=\"122\" height=\"91\" \/><\/figure>\n<\/div>\n\n\n<p class=\"has-medium-font-size\" id=\"block-77c344ec-607d-4ec8-88fe-131ce1162512\"><br><br><strong>Primeira Observa\u00e7\u00e3o de um Mu\u00e3o<\/strong><br><br><br><\/p>\n\n\n\n<p id=\"block-47528553-f957-44d8-83d8-da07db8d7ef5\">A primeira evid\u00eancia da exist\u00eancia dos mu\u00f5es foi obtida por Paul Kunze numa c\u00e2mara de neblina de Wilson exposta aos raios c\u00f3smicos. No entanto, na \u00e9poca n\u00e3o se sabia qual foi a part\u00edcula que produziu a evid\u00eancia. Ficou apenas classificada com o produto de uma rea\u00e7\u00e3o nuclear.<\/p>\n\n\n\n<h1 class=\"wp-block-heading\" id=\"block-7deb6282-6613-47ed-b6c9-5d79b4552de6\"><strong>1936<\/strong><\/h1>\n\n\n<div class=\"wp-block-image\">\n<figure class=\"alignleft size-large is-resized\" id=\"block-4896b0ef-b388-4e5f-bdba-65d7bcaae659\"><img decoding=\"async\" src=\"https:\/\/pages.lip.pt\/loumu\/wp-content\/uploads\/sites\/7\/2021\/02\/2.png\" alt=\"\" class=\"wp-image-156\" width=\"122\" height=\"91\" \/><\/figure>\n<\/div>\n\n\n<p class=\"has-medium-font-size\" id=\"block-f9ccc100-ffb0-47b5-8e84-4c64a724922b\"><br><br><strong>Descoberta Definitiva dos Mu\u00f5es<\/strong><br><br><br><\/p>\n\n\n\n<p id=\"block-5b813a63-2206-4606-be05-39735c0e7535\">Neste ano, o f\u00edsico americano Carl&nbsp;Anderson e o seu estudante Seth Neddermeyer provaram definitivamente a exist\u00eancia de mu\u00f5es. Os mu\u00f5es observados&nbsp;foram produzidos por&nbsp;raios c\u00f3smicos. A seguir ao eletr\u00e3o, o mu\u00e3o foi a primeira entre muitas part\u00edculas subat\u00f3micas que seriam descobertas nas d\u00e9cadas seguintes.<\/p>\n\n\n\n<h1 class=\"wp-block-heading\" id=\"block-370e9c88-3ccd-4f49-b4c5-4850992781ed\"><strong>1950s<\/strong><\/h1>\n\n\n<div class=\"wp-block-image\">\n<figure class=\"alignleft size-large\" id=\"block-35146b9a-ce8e-4f5d-8c41-6a0e45db1ee0\"><img loading=\"lazy\" decoding=\"async\" width=\"103\" height=\"103\" src=\"https:\/\/pages.lip.pt\/loumu\/wp-content\/uploads\/sites\/7\/2021\/02\/22.png\" alt=\"\" class=\"wp-image-174\" srcset=\"https:\/\/pages.lip.pt\/loumu\/wp-content\/uploads\/sites\/7\/2021\/02\/22.png 103w, https:\/\/pages.lip.pt\/loumu\/wp-content\/uploads\/sites\/7\/2021\/02\/22-100x100.png 100w\" sizes=\"(max-width: 103px) 100vw, 103px\" \/><\/figure>\n<\/div>\n\n\n<p class=\"has-medium-font-size\" id=\"block-ec3d1206-2ca1-4a4d-82bd-eb7d553e75b2\"><br><br><strong>Primeira Gera\u00e7\u00e3o de Aceleradores de Part\u00edculas<\/strong><br><br><br><\/p>\n\n\n\n<p id=\"block-5e31b535-70aa-4dcb-ac47-b1295bbbf28d\">Nesta d\u00e9cada, o surgimento da primeira gera\u00e7\u00e3o de aceleradores de part\u00edculas trouxe grandes avan\u00e7os no conhecimento cient\u00edfico sobre os mu\u00f5es&nbsp;e suas aplica\u00e7\u00f5es. Um destes primeiros aceleradores foi o&nbsp;Sincrociclotr\u00e3o do CERN.<\/p>\n\n\n\n<h1 class=\"wp-block-heading\" id=\"block-b39f8a97-2104-4999-b521-e7faf48fd788\"><strong>1955<\/strong><\/h1>\n\n\n<div class=\"wp-block-image\">\n<figure class=\"alignleft size-large\" id=\"block-7911a49a-7353-45ac-bcb0-515673411999\"><img loading=\"lazy\" decoding=\"async\" width=\"102\" height=\"102\" src=\"https:\/\/pages.lip.pt\/loumu\/wp-content\/uploads\/sites\/7\/2021\/02\/3.png\" alt=\"\" class=\"wp-image-157\" srcset=\"https:\/\/pages.lip.pt\/loumu\/wp-content\/uploads\/sites\/7\/2021\/02\/3.png 102w, https:\/\/pages.lip.pt\/loumu\/wp-content\/uploads\/sites\/7\/2021\/02\/3-100x100.png 100w\" sizes=\"(max-width: 102px) 100vw, 102px\" \/><\/figure>\n<\/div>\n\n\n<p class=\"has-medium-font-size\" id=\"block-52b525ec-1f71-4e37-82f7-0a15c49a029a\"><br><br><strong>Primeira Utiliza\u00e7\u00e3o de Mu\u00f5es C\u00f3smicos<\/strong><br><br><br><\/p>\n\n\n\n<p id=\"block-2e134ccd-1cd4-4c2f-ae7a-dbdb4b2c8b42\">A primeira utiliza\u00e7\u00e3o registada da utiliza\u00e7\u00e3o de mu\u00f5es produzidos por raios c\u00f3smicos \u00e9 feita por Eric George, que os usa para medir a espessura do gelo&nbsp; acima de um t\u00fanel na Austr\u00e1lia. \u00c9 usado um contador de Geiger para medir a ioniza\u00e7\u00e3o causada pelos mu\u00f5es.<\/p>\n\n\n\n<h1 class=\"wp-block-heading\" id=\"block-6a219156-4738-4715-80f2-ce7ac7fdffa2\"><strong>1969<\/strong><\/h1>\n\n\n<div class=\"wp-block-image\">\n<figure class=\"alignleft size-large\" id=\"block-0eb80718-3215-46bc-8d9a-8b8cab8c98e4\"><img loading=\"lazy\" decoding=\"async\" width=\"102\" height=\"102\" src=\"https:\/\/pages.lip.pt\/loumu\/wp-content\/uploads\/sites\/7\/2021\/02\/4.png\" alt=\"\" class=\"wp-image-158\" srcset=\"https:\/\/pages.lip.pt\/loumu\/wp-content\/uploads\/sites\/7\/2021\/02\/4.png 102w, https:\/\/pages.lip.pt\/loumu\/wp-content\/uploads\/sites\/7\/2021\/02\/4-100x100.png 100w\" sizes=\"(max-width: 102px) 100vw, 102px\" \/><\/figure>\n<\/div>\n\n\n<p class=\"has-medium-font-size\" id=\"block-0a9ae6b1-6bd7-482e-967d-7310d96ff95d\"><br><br><strong>Radiografia de Mu\u00f5es&nbsp;na&nbsp;Pir\u00e2mide de Qu\u00e9fren<\/strong><br><br><br><\/p>\n\n\n\n<p id=\"block-78f9a4d3-6664-4ced-b969-c9fbbb3a175f\">A radiografia de mu\u00f5es \u00e9 usada pela equipa&nbsp;de Luis Alvarez para procurar&nbsp;c\u00e2maras escondidas na Pir\u00e2mide de Qu\u00e9fren, no Egito. A detec\u00e7\u00e3o foi feita com c\u00e2maras de fa\u00edscas&nbsp;e contadores de cintila\u00e7\u00e3o. Nenhuma c\u00e2mara adicional foi encontrada naquele momento.<\/p>\n\n\n\n<h1 class=\"wp-block-heading\" id=\"block-a83238f5-d091-4b57-96b2-9d33bb14a6bd\"><strong>1987<\/strong><\/h1>\n\n\n<div class=\"wp-block-image\">\n<figure class=\"alignleft size-large\" id=\"block-ebed85d0-0576-4b00-8a9c-2fbe84cd5871\"><img loading=\"lazy\" decoding=\"async\" width=\"102\" height=\"102\" src=\"https:\/\/pages.lip.pt\/loumu\/wp-content\/uploads\/sites\/7\/2021\/02\/5.png\" alt=\"\" class=\"wp-image-159\" srcset=\"https:\/\/pages.lip.pt\/loumu\/wp-content\/uploads\/sites\/7\/2021\/02\/5.png 102w, https:\/\/pages.lip.pt\/loumu\/wp-content\/uploads\/sites\/7\/2021\/02\/5-100x100.png 100w\" sizes=\"(max-width: 102px) 100vw, 102px\" \/><\/figure>\n<\/div>\n\n\n<p class=\"has-medium-font-size\" id=\"block-44ffa42b-5521-4156-a6c6-b0b00647ff50\"><br><br><strong>Medi\u00e7\u00e3o da Profundidade dos T\u00faneis do&nbsp;Metro de Nagoya<\/strong><br><br><br><\/p>\n\n\n\n<p id=\"block-723eac99-c375-4cad-a05d-e99fc2b59241\">Neste ano, a profundidade dos t\u00faneis do metro de Nagoya (Jap\u00e3o) foi medida utilizando os&nbsp;mu\u00f5es. Os detetores usados&nbsp;eram baseados em contadores de cintila\u00e7\u00e3o.<\/p>\n\n\n\n<h1 class=\"wp-block-heading\" id=\"block-8e2c1e32-f310-428a-8b4a-bd980dee0d70\"><strong>1999<\/strong><\/h1>\n\n\n<div class=\"wp-block-image\">\n<figure class=\"alignleft size-large\" id=\"block-b2ca22c7-ce1d-4ae0-983e-2e7c6133a021\"><img loading=\"lazy\" decoding=\"async\" width=\"102\" height=\"102\" src=\"https:\/\/pages.lip.pt\/loumu\/wp-content\/uploads\/sites\/7\/2021\/02\/6.png\" alt=\"\" class=\"wp-image-160\" srcset=\"https:\/\/pages.lip.pt\/loumu\/wp-content\/uploads\/sites\/7\/2021\/02\/6.png 102w, https:\/\/pages.lip.pt\/loumu\/wp-content\/uploads\/sites\/7\/2021\/02\/6-100x100.png 100w\" sizes=\"(max-width: 102px) 100vw, 102px\" \/><\/figure>\n<\/div>\n\n\n<p class=\"has-medium-font-size\" id=\"block-5237eade-f52d-49fd-a9ae-d69071b68281\"><br><br><strong>A Sombra da Lua \u00e9 visualizada&nbsp;usando Mu\u00f5es<\/strong><\/p>\n\n\n\n<p><\/p>\n\n\n\n<p>No detector Soudan II, que se encontra a uma profundidade&nbsp;de 700 m debaixo de terra&nbsp;em&nbsp;Minnesota (EUA), ao medir o fluxo de mu\u00f5es, observou-se a sombra da Lua, que bloqueia os raios c\u00f3smicos que viriam dessa dire\u00e7\u00e3o.<\/p>\n\n\n\n<h1 class=\"wp-block-heading\" id=\"block-6a475bf1-d8a4-486d-9811-632484fda72f\"><strong>2003<\/strong><\/h1>\n\n\n<div class=\"wp-block-image\">\n<figure class=\"alignleft size-large\" id=\"block-051e79ac-6a0a-47b1-b717-365abf7eb49c\"><img loading=\"lazy\" decoding=\"async\" width=\"104\" height=\"105\" src=\"https:\/\/pages.lip.pt\/loumu\/wp-content\/uploads\/sites\/7\/2021\/02\/23.png\" alt=\"\" class=\"wp-image-175\" srcset=\"https:\/\/pages.lip.pt\/loumu\/wp-content\/uploads\/sites\/7\/2021\/02\/23.png 104w, https:\/\/pages.lip.pt\/loumu\/wp-content\/uploads\/sites\/7\/2021\/02\/23-100x100.png 100w\" sizes=\"(max-width: 104px) 100vw, 104px\" \/><\/figure>\n<\/div>\n\n\n<p class=\"has-medium-font-size\" id=\"block-7c27c6f7-910f-4060-af82-7e7decbbb357\"><br><br><strong>Inspe\u00e7\u00e3o da Pir\u00e2mide do Sol<\/strong><\/p>\n\n\n\n<p id=\"block-dfc1450c-cd27-4e41-b22d-2fdd3991fed2\">Iniciam-se as prepara\u00e7\u00f5es para inspecionar o interior da Pir\u00e2mide do Sol no M\u00e9xico, tal como Luis Alvarez fez na Pir\u00e2mide de Qu\u00e9fren.&nbsp;O sistema de dete\u00e7\u00e3o utiliza contadores de cintila\u00e7\u00e3o e c\u00e2maras proporcionais de fios (MWPCs).<\/p>\n\n\n<div class=\"wp-block-image\">\n<figure class=\"alignleft size-large\" id=\"block-6c335cf6-70e1-44da-88c4-974dda8858f2\"><img loading=\"lazy\" decoding=\"async\" width=\"102\" height=\"103\" src=\"https:\/\/pages.lip.pt\/loumu\/wp-content\/uploads\/sites\/7\/2021\/02\/8.png\" alt=\"\" class=\"wp-image-161\" srcset=\"https:\/\/pages.lip.pt\/loumu\/wp-content\/uploads\/sites\/7\/2021\/02\/8.png 102w, https:\/\/pages.lip.pt\/loumu\/wp-content\/uploads\/sites\/7\/2021\/02\/8-100x100.png 100w\" sizes=\"(max-width: 102px) 100vw, 102px\" \/><\/figure>\n<\/div>\n\n\n<p class=\"has-medium-font-size\" id=\"block-baed13d4-7e04-4c7e-b73e-c1c440be3cdb\"><br><br><strong>Primeiras Aplica\u00e7\u00f5es da Tomografia por Dispers\u00e3o de Mu\u00f5es<\/strong><br><\/p>\n\n\n\n<p id=\"block-7f41dcfc-20e3-4667-abcb-14f85c11d2ca\">No&nbsp;Laborat\u00f3rio Nacional de Los Alamos dos EUA, um trabalho pioneiro com&nbsp;mu\u00f5es usando&nbsp;a dispers\u00e3o de Coulomb para identificar materiais&nbsp;com n\u00famero at\u00f3mico elevado, foi&nbsp;feito visando a dete\u00e7\u00e3o de amea\u00e7as nucleares. Um portal de scanner&nbsp;de tamanho real foi instalado no Freeport (Bahamas) para observar a carga de&nbsp;cami\u00f5es de transporte.<\/p>\n\n\n\n<h1 class=\"wp-block-heading\" id=\"block-4116f01c-9c4d-4846-94c8-0234d8a0a1db\"><strong>2007<\/strong><\/h1>\n\n\n<div class=\"wp-block-image\">\n<figure class=\"alignleft size-large\" id=\"block-f278ce2a-990c-4922-959c-eb17873cc823\"><img loading=\"lazy\" decoding=\"async\" width=\"102\" height=\"103\" src=\"https:\/\/pages.lip.pt\/loumu\/wp-content\/uploads\/sites\/7\/2021\/02\/9.png\" alt=\"\" class=\"wp-image-162\" srcset=\"https:\/\/pages.lip.pt\/loumu\/wp-content\/uploads\/sites\/7\/2021\/02\/9.png 102w, https:\/\/pages.lip.pt\/loumu\/wp-content\/uploads\/sites\/7\/2021\/02\/9-100x100.png 100w\" sizes=\"(max-width: 102px) 100vw, 102px\" \/><\/figure>\n<\/div>\n\n\n<p class=\"has-medium-font-size\" id=\"block-f27a6f11-4a76-4d77-96be-cc09305aac31\"><br><br><strong>Medida das Densidades no&nbsp;Monte&nbsp;Asama e do domo Showa-Shinzan<\/strong><br><br><br><\/p>\n\n\n\n<p id=\"block-3c4a7bee-e189-4a93-a53c-6b400ad3490a\">A radiografia de mu\u00f5es&nbsp;\u00e9 usada para medir um perfil das&nbsp;densidades m\u00e9dias do&nbsp;Monte&nbsp;Asama e do domo&nbsp;Showa-Shinzan, ambos situados no Jap\u00e3o. O sistema de detec\u00e7\u00e3o usado \u00e9 baseado em c\u00e2maras de nuvens de emuls\u00e3o. Este foi o ponto de partida para o&nbsp;m\u00e9todo de aplicar tomografia de mu\u00f5es a estruturas geol\u00f3gicas como vulc\u00f5es.<\/p>\n\n\n\n<h1 class=\"wp-block-heading\" id=\"block-6665ef0c-e077-4f7b-9e9d-e02803b905c5\"><strong>2008<\/strong><\/h1>\n\n\n<div class=\"wp-block-image\">\n<figure class=\"alignleft size-large\" id=\"block-de004a5c-87ff-4e0c-968d-f90efe9a107e\"><img loading=\"lazy\" decoding=\"async\" width=\"106\" height=\"108\" src=\"https:\/\/pages.lip.pt\/loumu\/wp-content\/uploads\/sites\/7\/2021\/02\/19.png\" alt=\"\" class=\"wp-image-171\" \/><\/figure>\n<\/div>\n\n\n<p class=\"has-medium-font-size\" id=\"block-46514767-ae1c-451a-805b-b836d77fb995\"><br><br><strong>Telesc\u00f3pio de Tomografia por Dispers\u00e3o&nbsp;de Mu\u00f5es do LNL<\/strong><br><br><br><\/p>\n\n\n\n<p id=\"block-062416c2-bea5-4ee2-bdb9-fdc2a3fb56b0\">A validade&nbsp;da dete\u00e7\u00e3o de materiais&nbsp;com n\u00famero at\u00f3mico elevado foi testada pelo Laborat\u00f3rio Nacional de Legnaro, na It\u00e1lia, que construiu&nbsp;um prot\u00f3tipo de um telesc\u00f3pio de tomografia por dispers\u00e3o de mu\u00f5es e testou um ve\u00edculo funcional entre os detetores. A bateria do carro, contendo chumbo, foi e elemento que mais se sobressaiu, mostrando a viabilidade da t\u00e9cnica.<\/p>\n\n\n\n<h1 class=\"wp-block-heading\" id=\"block-7efd838d-f33d-4cf5-99d0-cfa9ad097dc9\"><strong>2009<\/strong><\/h1>\n\n\n<div class=\"wp-block-image\">\n<figure class=\"alignleft size-large\" id=\"block-98bda757-44da-4472-8d2c-f4def7a90be3\"><img loading=\"lazy\" decoding=\"async\" width=\"102\" height=\"103\" src=\"https:\/\/pages.lip.pt\/loumu\/wp-content\/uploads\/sites\/7\/2021\/02\/10.png\" alt=\"\" class=\"wp-image-163\" srcset=\"https:\/\/pages.lip.pt\/loumu\/wp-content\/uploads\/sites\/7\/2021\/02\/10.png 102w, https:\/\/pages.lip.pt\/loumu\/wp-content\/uploads\/sites\/7\/2021\/02\/10-100x100.png 100w\" sizes=\"(max-width: 102px) 100vw, 102px\" \/><\/figure>\n<\/div>\n\n\n<p class=\"has-medium-font-size\" id=\"block-a41724e9-277d-4c2f-bfb9-55419b7a2d85\"><br><br><strong>Sistema de Tomografia de Mu\u00f5es do INFN<\/strong><br><br><br><\/p>\n\n\n\n<p id=\"block-8aa165e1-4bd6-4659-bc72-c9481e4b6249\">O sistema de tomografia de mu\u00f5es&nbsp;de grande volume, constru\u00eddo pelo&nbsp;Instituto Nacional de F\u00edsica Nuclear de It\u00e1lia, demonstra a possibilidade de diferencia\u00e7\u00e3o entre materiais diferentes. O sistema \u00e9 baseado em c\u00e2maras sens\u00edveis \u00e0 dispers\u00e3o dos mu\u00f5es.<\/p>\n\n\n<div class=\"wp-block-image\">\n<figure class=\"alignleft size-large\" id=\"block-d64275e3-1ed9-4c3d-b95d-daad898c1852\"><img loading=\"lazy\" decoding=\"async\" width=\"102\" height=\"103\" src=\"https:\/\/pages.lip.pt\/loumu\/wp-content\/uploads\/sites\/7\/2021\/02\/11_2.png\" alt=\"\" class=\"wp-image-164\" srcset=\"https:\/\/pages.lip.pt\/loumu\/wp-content\/uploads\/sites\/7\/2021\/02\/11_2.png 102w, https:\/\/pages.lip.pt\/loumu\/wp-content\/uploads\/sites\/7\/2021\/02\/11_2-100x100.png 100w\" sizes=\"(max-width: 102px) 100vw, 102px\" \/><\/figure>\n<\/div>\n\n\n<p class=\"has-medium-font-size\" id=\"block-baf21c81-d16e-4c2c-ae47-aee2be3b0067\"><br><br><strong>Perfil de Densidade do Interior de um Vulc\u00e3o<\/strong><br><br><br><\/p>\n\n\n\n<p id=\"block-bf4b7f55-0995-4d96-8a3b-4453a4d18708\">O perfil de densidade do interior de um vulc\u00e3o no Jap\u00e3o \u00e9 obtido com a muografia de raios c\u00f3smicos combinada com a gravimetria cl\u00e1ssica. Os resultados mostram o sucesso da combina\u00e7\u00e3o de ambas as t\u00e9cnicas que medem a densidade dos materiais observados.<\/p>\n\n\n\n<h1 class=\"wp-block-heading\" id=\"block-c00340f8-a49e-4bdf-8665-eda8ce7576d7\"><strong>2012<\/strong><\/h1>\n\n\n<div class=\"wp-block-image\">\n<figure class=\"alignleft size-large\" id=\"block-fe944e6c-4c43-4090-9b2b-d20338b33cf4\"><img loading=\"lazy\" decoding=\"async\" width=\"102\" height=\"103\" src=\"https:\/\/pages.lip.pt\/loumu\/wp-content\/uploads\/sites\/7\/2021\/02\/12.png\" alt=\"\" class=\"wp-image-165\" srcset=\"https:\/\/pages.lip.pt\/loumu\/wp-content\/uploads\/sites\/7\/2021\/02\/12.png 102w, https:\/\/pages.lip.pt\/loumu\/wp-content\/uploads\/sites\/7\/2021\/02\/12-100x100.png 100w\" sizes=\"(max-width: 102px) 100vw, 102px\" \/><\/figure>\n<\/div>\n\n\n<p class=\"has-medium-font-size\" id=\"block-f35365bd-a8ea-401e-b358-1c4429eb1ec6\"><br><br><strong>Simula\u00e7\u00e3o do Interior da Central Nuclear de&nbsp;Fukushima-Daiichi<\/strong><br><br><br><\/p>\n\n\n\n<p id=\"block-3ef3e811-1698-4a62-ac82-c519d0440678\">Estudos de simula\u00e7\u00f5es&nbsp;mostram a viabilidade de identificar vazios e movimentos do material, recorrendo \u00e0&nbsp;tomografia de mu\u00f5es, dentro do n\u00facleo do reator na&nbsp;central nuclear acidentada de Fukushima-Daiichi.<\/p>\n\n\n\n<h1 class=\"wp-block-heading\" id=\"block-3e680648-aa57-4172-9102-22a6e9aab7a1\"><strong>2013<\/strong><\/h1>\n\n\n<div class=\"wp-block-image\">\n<figure class=\"alignleft size-large\" id=\"block-64d80d44-c72e-4522-b935-434b2b5daa76\"><img loading=\"lazy\" decoding=\"async\" width=\"106\" height=\"107\" src=\"https:\/\/pages.lip.pt\/loumu\/wp-content\/uploads\/sites\/7\/2021\/02\/18.png\" alt=\"\" class=\"wp-image-170\" srcset=\"https:\/\/pages.lip.pt\/loumu\/wp-content\/uploads\/sites\/7\/2021\/02\/18.png 106w, https:\/\/pages.lip.pt\/loumu\/wp-content\/uploads\/sites\/7\/2021\/02\/18-100x100.png 100w\" sizes=\"(max-width: 106px) 100vw, 106px\" \/><\/figure>\n<\/div>\n\n\n<p class=\"has-medium-font-size\" id=\"block-a00bbbc3-35a9-474b-9d69-5951e305a612\"><br><br><strong>Estudo da Estrutura do Vulc\u00e3o Puy de D\u00f4me<\/strong><br><br><br><\/p>\n\n\n\n<p id=\"block-1c2f2a40-8f1d-4c21-b4a5-7cdd6304b91b\">A tomografia de transmiss\u00e3o do mu\u00f5es foi utilizada&nbsp;para estudar o interior do domo&nbsp;vulc\u00e2nico&nbsp;Puy de D\u00f4me, na Fran\u00e7a. As radiografias de mu\u00f5es&nbsp;obtidas podem ser correlacionadas com a geologia e as&nbsp;estruturas geol\u00f3gicas que se observam&nbsp;no local.<\/p>\n\n\n<div class=\"wp-block-image\">\n<figure class=\"alignleft size-large\" id=\"block-56fbddc7-1c41-4034-99d4-28dd3101191a\"><img loading=\"lazy\" decoding=\"async\" width=\"102\" height=\"102\" src=\"https:\/\/pages.lip.pt\/loumu\/wp-content\/uploads\/sites\/7\/2021\/02\/15.png\" alt=\"\" class=\"wp-image-168\" srcset=\"https:\/\/pages.lip.pt\/loumu\/wp-content\/uploads\/sites\/7\/2021\/02\/15.png 102w, https:\/\/pages.lip.pt\/loumu\/wp-content\/uploads\/sites\/7\/2021\/02\/15-100x100.png 100w\" sizes=\"(max-width: 102px) 100vw, 102px\" \/><\/figure>\n<\/div>\n\n\n<p class=\"has-medium-font-size\" id=\"block-1bc6dc9d-3510-4cea-88c2-6b3910b3ac41\"><br><br><strong>Tomografia de Mu\u00f5es em Marte<\/strong><br><br><br><\/p>\n\n\n\n<p id=\"block-52e696e5-46dd-4097-a99e-dadda071bdc1\">O Instituto de Tecnologia da Calif\u00f3rnia (nos EUA) prop\u00f4s a utiliza\u00e7\u00e3o de tomografia de mu\u00f5es&nbsp;para mapear o terreno de Marte. Estudos realizados descobriram que o fluxo de mu\u00f5es presente na atmosfera marciana est\u00e1 ao&nbsp;mesmo n\u00edvel do que \u00e9&nbsp;observado na atmosfera da Terra. Rovers equipados para realizar tomografia de mu\u00f5es observariam o interior de diversas estruturas geol\u00f3gicas encontradas na superf\u00edcie do planeta.<\/p>\n\n\n\n<h1 class=\"wp-block-heading\" id=\"block-2922bfa5-d96e-4991-8017-466d1e95fc53\"><strong>2014<\/strong><\/h1>\n\n\n<div class=\"wp-block-image\">\n<figure class=\"alignleft size-large\" id=\"block-813ee558-99ce-4b78-b8aa-a9b40ce82d33\"><img loading=\"lazy\" decoding=\"async\" width=\"102\" height=\"103\" src=\"https:\/\/pages.lip.pt\/loumu\/wp-content\/uploads\/sites\/7\/2021\/02\/13.png\" alt=\"\" class=\"wp-image-166\" srcset=\"https:\/\/pages.lip.pt\/loumu\/wp-content\/uploads\/sites\/7\/2021\/02\/13.png 102w, https:\/\/pages.lip.pt\/loumu\/wp-content\/uploads\/sites\/7\/2021\/02\/13-100x100.png 100w\" sizes=\"(max-width: 102px) 100vw, 102px\" \/><\/figure>\n<\/div>\n\n\n<p class=\"has-medium-font-size\" id=\"block-459d5dfe-0fc8-4505-9d06-3f4cac2fc2e4\"><br><br><strong>Monitoriza\u00e7\u00e3o do Palazzo della Loggia<\/strong><br><br><br><\/p>\n\n\n\n<p id=\"block-372d824d-363a-497b-8806-070c3db6746c\">Um sistema de monitoriza\u00e7\u00e3o baseado em tomografia de mu\u00f5es&nbsp;\u00e9 instalado no Palazzo della Loggia, datado de 1574 na It\u00e1lia, para monitorizar&nbsp;a estabilidade integral deste edif\u00edcio hist\u00f3rico. A t\u00e9cnica permite detetar se&nbsp;pequenas deforma\u00e7\u00f5es ocorreram na estrutura do edif\u00edcio.<\/p>\n\n\n<div class=\"wp-block-image\">\n<figure class=\"alignleft size-large\" id=\"block-8ac4efb3-993f-4936-9d2c-777d9a727153\"><img loading=\"lazy\" decoding=\"async\" width=\"102\" height=\"102\" src=\"https:\/\/pages.lip.pt\/loumu\/wp-content\/uploads\/sites\/7\/2021\/02\/14.png\" alt=\"\" class=\"wp-image-167\" srcset=\"https:\/\/pages.lip.pt\/loumu\/wp-content\/uploads\/sites\/7\/2021\/02\/14.png 102w, https:\/\/pages.lip.pt\/loumu\/wp-content\/uploads\/sites\/7\/2021\/02\/14-100x100.png 100w\" sizes=\"(max-width: 102px) 100vw, 102px\" \/><\/figure>\n<\/div>\n\n\n<p class=\"has-medium-font-size\" id=\"block-d47639d6-e144-4f8b-ac74-0c258476ed10\"><br><br><strong>Controlo de Res\u00edduos&nbsp;Nuclear<\/strong><br><br><br><\/p>\n\n\n\n<p id=\"block-e3ccf6b0-23b9-41b1-b2f3-608e33a0317a\">As primeiras imagens do interior de contentores&nbsp;de res\u00edduos nucleares foram obtidas pelo projeto Sellafield Muon Tomography usando um sistema de detetores de prot\u00f3tipos de pequena escala em Glasgow (Reino Unido). A alta resolu\u00e7\u00e3o da t\u00e9cnica verifica a integridade de todo contentor e todos os componentes s\u00e3o diferenciados com base na sua densidade.<\/p>\n\n\n\n<h1 class=\"wp-block-heading\" id=\"block-891a915b-eaeb-4867-addb-8d4594623670\"><strong>2016<\/strong><\/h1>\n\n\n<div class=\"wp-block-image\">\n<figure class=\"alignleft size-large\" id=\"block-cadb27ce-f1a7-4181-93bb-7abf60c21d85\"><img loading=\"lazy\" decoding=\"async\" width=\"104\" height=\"106\" src=\"https:\/\/pages.lip.pt\/loumu\/wp-content\/uploads\/sites\/7\/2021\/02\/17.png\" alt=\"\" class=\"wp-image-169\" \/><\/figure>\n<\/div>\n\n\n<p class=\"has-medium-font-size\" id=\"block-4a9238ab-ad6e-4885-b1c2-d2da665b952b\"><br><br><strong>Experi\u00eancia&nbsp;WatTo<\/strong><br><br><br><\/p>\n\n\n\n<p id=\"block-e09783f2-e0da-4121-80b6-52e31d13327d\">Um telesc\u00f3pio de tomografia de transmiss\u00e3o de mu\u00f5es&nbsp;foi colocado a observar na dire\u00e7\u00e3o da torre de \u00e1gua de Saclay, na Fran\u00e7a.&nbsp;O&nbsp;objetivo era&nbsp;detetar varia\u00e7\u00f5es de densidade no interior da torre relativas&nbsp;aos n\u00edveis de subida e descida de \u00e1gua. Esta diferen\u00e7a era marcada por, respetivamente, uma diminui\u00e7\u00e3o ou um aumento do fluxo de mu\u00f5es observado.<\/p>\n\n\n\n<h1 class=\"wp-block-heading\" id=\"block-d41e1d1e-fdaf-4ca6-8bb5-a73173029552\"><strong>2017<\/strong><\/h1>\n\n\n<div class=\"wp-block-image\">\n<figure class=\"alignleft size-large\" id=\"block-d64711d3-d850-4258-984e-0eecbdc7af62\"><img loading=\"lazy\" decoding=\"async\" width=\"108\" height=\"109\" src=\"https:\/\/pages.lip.pt\/loumu\/wp-content\/uploads\/sites\/7\/2021\/02\/20_1.png\" alt=\"\" class=\"wp-image-172\" srcset=\"https:\/\/pages.lip.pt\/loumu\/wp-content\/uploads\/sites\/7\/2021\/02\/20_1.png 108w, https:\/\/pages.lip.pt\/loumu\/wp-content\/uploads\/sites\/7\/2021\/02\/20_1-100x100.png 100w\" sizes=\"(max-width: 108px) 100vw, 108px\" \/><\/figure>\n<\/div>\n\n\n<p class=\"has-medium-font-size\" id=\"block-e1857117-c5e1-43cc-8e7d-c53f6ab38448\"><br><br><strong>Projeto ScanPyramids&nbsp;&#8211; Nova C\u00e2mara na Pir\u00e2mide de Qu\u00e9ops<\/strong><br><br><br><\/p>\n\n\n\n<p id=\"block-54add36f-8a44-4b1d-a782-0e415fd2870b\">Com o objetivo de estudar o interior das pir\u00e2mides do Egito, a tomografia de transmiss\u00e3o&nbsp;de mu\u00f5es&nbsp;foi usada na Grande Pir\u00e2mide&nbsp;Qu\u00e9ops. Os resultados mostraram a exist\u00eancia de uma c\u00e2mara de grandes dimens\u00f5es, anteriormente desconhecida, acima da Grande Galeria.<\/p>\n","protected":false},"excerpt":{"rendered":"<p>A t\u00e9cnica que hoje em dia se conhece pelo nome de muografia resulta de uma s\u00e9rie de descobertas, experi\u00eancias e desenvolvimentos tecnol\u00f3gicos ao longo das \u00faltimas d\u00e9cadas. Essa cronologia \u00e9 aqui contada numa sele\u00e7\u00e3o de alguns eventos importantes, trabalhos pioneiros e de refer\u00eancia na aplica\u00e7\u00e3o dos mu\u00f5es. 1912 Descoberta dos Raios C\u00f3smicos O f\u00edsico austr\u00edaco &hellip; <\/p>\n<p class=\"link-more\"><a href=\"https:\/\/pages.lip.pt\/loumu\/tomografia-de-muoes-cronologia\/\" class=\"more-link\">Continue reading<span class=\"screen-reader-text\"> &#8220;Hist\u00f3ria da Muografia&#8221;<\/span><\/a><\/p>\n","protected":false},"author":1,"featured_media":0,"parent":0,"menu_order":0,"comment_status":"closed","ping_status":"closed","template":"","meta":{"footnotes":""},"class_list":["post-66","page","type-page","status-publish","hentry"],"_links":{"self":[{"href":"https:\/\/pages.lip.pt\/loumu\/wp-json\/wp\/v2\/pages\/66","targetHints":{"allow":["GET"]}}],"collection":[{"href":"https:\/\/pages.lip.pt\/loumu\/wp-json\/wp\/v2\/pages"}],"about":[{"href":"https:\/\/pages.lip.pt\/loumu\/wp-json\/wp\/v2\/types\/page"}],"author":[{"embeddable":true,"href":"https:\/\/pages.lip.pt\/loumu\/wp-json\/wp\/v2\/users\/1"}],"replies":[{"embeddable":true,"href":"https:\/\/pages.lip.pt\/loumu\/wp-json\/wp\/v2\/comments?post=66"}],"version-history":[{"count":35,"href":"https:\/\/pages.lip.pt\/loumu\/wp-json\/wp\/v2\/pages\/66\/revisions"}],"predecessor-version":[{"id":1365,"href":"https:\/\/pages.lip.pt\/loumu\/wp-json\/wp\/v2\/pages\/66\/revisions\/1365"}],"wp:attachment":[{"href":"https:\/\/pages.lip.pt\/loumu\/wp-json\/wp\/v2\/media?parent=66"}],"curies":[{"name":"wp","href":"https:\/\/api.w.org\/{rel}","templated":true}]}}