{"id":1291,"date":"2023-04-09T03:09:11","date_gmt":"2023-04-09T03:09:11","guid":{"rendered":"https:\/\/pages.lip.pt\/loumu\/?page_id=1291"},"modified":"2025-09-23T16:57:04","modified_gmt":"2025-09-23T16:57:04","slug":"no-lousal-2","status":"publish","type":"page","link":"https:\/\/pages.lip.pt\/loumu\/no-lousal-2\/","title":{"rendered":"Dete\u00e7\u00e3o no Lousal"},"content":{"rendered":"\n<p><\/p>\n\n\n\n<blockquote class=\"wp-block-quote is-layout-flow wp-block-quote-is-layout-flow\">\n<p>Ap\u00f3s a sua constru\u00e7\u00e3o e calibra\u00e7\u00e3o nos laborat\u00f3rios de detetores do LIP em Coimbra, o telesc\u00f3pio de mu\u00f5es CorePix foi transferido para a Mina do Lousal.<\/p>\n\n\n\n<p>O CorePix foi instalado na Galeria Waldemar da Mina do Lousal em abril de 2022. Desde ent\u00e3o tem estado a operar dentro de um paiol da galeria, a coletar dados muogr\u00e1ficos.<\/p>\n\n\n\n<p><\/p>\n<\/blockquote>\n\n\n\n<hr class=\"wp-block-separator has-css-opacity is-style-dots\"\/>\n\n\n\n<div style=\"height:41px\" aria-hidden=\"true\" class=\"wp-block-spacer\"><\/div>\n\n\n\n<p class=\"has-medium-font-size\"><strong>Instala\u00e7\u00e3o do CorePix<\/strong> <strong>na Mina do Lousal<\/strong><\/p>\n\n\n\n<div style=\"height:28px\" aria-hidden=\"true\" class=\"wp-block-spacer\"><\/div>\n\n\n\n<div class=\"wp-block-columns is-layout-flex wp-container-core-columns-is-layout-9d6595d7 wp-block-columns-is-layout-flex\">\n<div class=\"wp-block-column is-layout-flow wp-block-column-is-layout-flow\">\n<div class=\"wp-block-columns is-layout-flex wp-container-core-columns-is-layout-9d6595d7 wp-block-columns-is-layout-flex\">\n<div class=\"wp-block-column is-layout-flow wp-block-column-is-layout-flow\">\n<figure class=\"wp-block-image size-large\"><img fetchpriority=\"high\" decoding=\"async\" width=\"773\" height=\"1024\" src=\"https:\/\/pages.lip.pt\/loumu\/wp-content\/uploads\/sites\/7\/2023\/04\/P1011444_-3-773x1024.jpg\" alt=\"\" class=\"wp-image-1317\" srcset=\"https:\/\/pages.lip.pt\/loumu\/wp-content\/uploads\/sites\/7\/2023\/04\/P1011444_-3-773x1024.jpg 773w, https:\/\/pages.lip.pt\/loumu\/wp-content\/uploads\/sites\/7\/2023\/04\/P1011444_-3-226x300.jpg 226w, https:\/\/pages.lip.pt\/loumu\/wp-content\/uploads\/sites\/7\/2023\/04\/P1011444_-3-768x1018.jpg 768w, https:\/\/pages.lip.pt\/loumu\/wp-content\/uploads\/sites\/7\/2023\/04\/P1011444_-3-1159x1536.jpg 1159w, https:\/\/pages.lip.pt\/loumu\/wp-content\/uploads\/sites\/7\/2023\/04\/P1011444_-3-1546x2048.jpg 1546w, https:\/\/pages.lip.pt\/loumu\/wp-content\/uploads\/sites\/7\/2023\/04\/P1011444_-3-scaled.jpg 1932w\" sizes=\"(max-width: 767px) 89vw, (max-width: 1000px) 54vw, (max-width: 1071px) 543px, 580px\" \/><\/figure>\n<\/div>\n\n\n\n<div class=\"wp-block-column is-layout-flow wp-block-column-is-layout-flow\">\n<figure class=\"wp-block-image size-large\"><img decoding=\"async\" width=\"786\" height=\"1024\" src=\"https:\/\/pages.lip.pt\/loumu\/wp-content\/uploads\/sites\/7\/2023\/04\/P1011501-2-786x1024.jpg\" alt=\"\" class=\"wp-image-1298\" srcset=\"https:\/\/pages.lip.pt\/loumu\/wp-content\/uploads\/sites\/7\/2023\/04\/P1011501-2-786x1024.jpg 786w, https:\/\/pages.lip.pt\/loumu\/wp-content\/uploads\/sites\/7\/2023\/04\/P1011501-2-230x300.jpg 230w, https:\/\/pages.lip.pt\/loumu\/wp-content\/uploads\/sites\/7\/2023\/04\/P1011501-2-768x1001.jpg 768w, https:\/\/pages.lip.pt\/loumu\/wp-content\/uploads\/sites\/7\/2023\/04\/P1011501-2-1178x1536.jpg 1178w, https:\/\/pages.lip.pt\/loumu\/wp-content\/uploads\/sites\/7\/2023\/04\/P1011501-2-1571x2048.jpg 1571w, https:\/\/pages.lip.pt\/loumu\/wp-content\/uploads\/sites\/7\/2023\/04\/P1011501-2-scaled.jpg 1964w\" sizes=\"(max-width: 767px) 89vw, (max-width: 1000px) 54vw, (max-width: 1071px) 543px, 580px\" \/><\/figure>\n<\/div>\n<\/div>\n<\/div>\n\n\n\n<div class=\"wp-block-column is-layout-flow wp-block-column-is-layout-flow\">\n<div class=\"wp-block-columns is-layout-flex wp-container-core-columns-is-layout-9d6595d7 wp-block-columns-is-layout-flex\">\n<div class=\"wp-block-column is-layout-flow wp-block-column-is-layout-flow\">\n<figure class=\"wp-block-image size-large\"><img decoding=\"async\" width=\"780\" height=\"1024\" src=\"https:\/\/pages.lip.pt\/loumu\/wp-content\/uploads\/sites\/7\/2023\/04\/P1011543-2-780x1024.jpg\" alt=\"\" class=\"wp-image-1305\" srcset=\"https:\/\/pages.lip.pt\/loumu\/wp-content\/uploads\/sites\/7\/2023\/04\/P1011543-2-780x1024.jpg 780w, https:\/\/pages.lip.pt\/loumu\/wp-content\/uploads\/sites\/7\/2023\/04\/P1011543-2-229x300.jpg 229w, https:\/\/pages.lip.pt\/loumu\/wp-content\/uploads\/sites\/7\/2023\/04\/P1011543-2-768x1008.jpg 768w, https:\/\/pages.lip.pt\/loumu\/wp-content\/uploads\/sites\/7\/2023\/04\/P1011543-2-1170x1536.jpg 1170w, https:\/\/pages.lip.pt\/loumu\/wp-content\/uploads\/sites\/7\/2023\/04\/P1011543-2-1561x2048.jpg 1561w, https:\/\/pages.lip.pt\/loumu\/wp-content\/uploads\/sites\/7\/2023\/04\/P1011543-2-scaled.jpg 1951w\" sizes=\"(max-width: 767px) 89vw, (max-width: 1000px) 54vw, (max-width: 1071px) 543px, 580px\" \/><\/figure>\n<\/div>\n\n\n\n<div class=\"wp-block-column is-layout-flow wp-block-column-is-layout-flow\">\n<figure class=\"wp-block-image size-large\"><img loading=\"lazy\" decoding=\"async\" width=\"784\" height=\"1024\" src=\"https:\/\/pages.lip.pt\/loumu\/wp-content\/uploads\/sites\/7\/2023\/04\/P1011595-2-784x1024.jpg\" alt=\"\" class=\"wp-image-1306\" srcset=\"https:\/\/pages.lip.pt\/loumu\/wp-content\/uploads\/sites\/7\/2023\/04\/P1011595-2-784x1024.jpg 784w, https:\/\/pages.lip.pt\/loumu\/wp-content\/uploads\/sites\/7\/2023\/04\/P1011595-2-230x300.jpg 230w, https:\/\/pages.lip.pt\/loumu\/wp-content\/uploads\/sites\/7\/2023\/04\/P1011595-2-768x1003.jpg 768w, https:\/\/pages.lip.pt\/loumu\/wp-content\/uploads\/sites\/7\/2023\/04\/P1011595-2-1176x1536.jpg 1176w, https:\/\/pages.lip.pt\/loumu\/wp-content\/uploads\/sites\/7\/2023\/04\/P1011595-2-1568x2048.jpg 1568w, https:\/\/pages.lip.pt\/loumu\/wp-content\/uploads\/sites\/7\/2023\/04\/P1011595-2-scaled.jpg 1960w\" sizes=\"(max-width: 767px) 89vw, (max-width: 1000px) 54vw, (max-width: 1071px) 543px, 580px\" \/><\/figure>\n<\/div>\n<\/div>\n<\/div>\n<\/div>\n\n\n\n<div class=\"wp-block-columns is-layout-flex wp-container-core-columns-is-layout-9d6595d7 wp-block-columns-is-layout-flex\">\n<div class=\"wp-block-column is-layout-flow wp-block-column-is-layout-flow\" style=\"flex-basis:66.66%\">\n<figure class=\"wp-block-image size-large\"><img loading=\"lazy\" decoding=\"async\" width=\"1024\" height=\"683\" src=\"https:\/\/pages.lip.pt\/loumu\/wp-content\/uploads\/sites\/7\/2023\/04\/P1011991-1024x683.jpg\" alt=\"\" class=\"wp-image-1326\" srcset=\"https:\/\/pages.lip.pt\/loumu\/wp-content\/uploads\/sites\/7\/2023\/04\/P1011991-1024x683.jpg 1024w, https:\/\/pages.lip.pt\/loumu\/wp-content\/uploads\/sites\/7\/2023\/04\/P1011991-300x200.jpg 300w, https:\/\/pages.lip.pt\/loumu\/wp-content\/uploads\/sites\/7\/2023\/04\/P1011991-768x512.jpg 768w, https:\/\/pages.lip.pt\/loumu\/wp-content\/uploads\/sites\/7\/2023\/04\/P1011991-1536x1024.jpg 1536w, https:\/\/pages.lip.pt\/loumu\/wp-content\/uploads\/sites\/7\/2023\/04\/P1011991-2048x1365.jpg 2048w\" sizes=\"(max-width: 767px) 89vw, (max-width: 1000px) 54vw, (max-width: 1071px) 543px, 580px\" \/><\/figure>\n<\/div>\n\n\n\n<div class=\"wp-block-column is-layout-flow wp-block-column-is-layout-flow\" style=\"flex-basis:33.33%\">\n<p class=\"has-text-align-left\">O CorePix foi transferido do laborat\u00f3rio de Coimbra para a Mina do Lousal em abril de 2022. Para ser movido ao longo da Galeria Waldemar at\u00e9 ao Paiol 4, o local onde iria permanecer, foi necess\u00e1rio desmontar algumas partes da sua estrutura. Conclu\u00edda a desloca\u00e7\u00e3o, tem estado a operar desde ent\u00e3o, de forma quase cont\u00ednua, a registar a passagem dos mu\u00f5es e a gerar os dados muogr\u00e1ficos que s\u00e3o usados nas an\u00e1lises.<\/p>\n<\/div>\n<\/div>\n\n\n\n<p>A estrutura completa do CorePix tem uma altura de cerca de 1,60 m e possui 4 detetores de mu\u00f5es, sendo cada um deles um quadrado com um 1 m de lado. Os detetores funcionam usando um g\u00e1s ionizante que chega com um fluxo baixo atrav\u00e9s de tubos trazidos de fora da mina, ligados a uma garrafa de g\u00e1s colocada na casa do guarda junto \u00e0 entrada desta, sem fugas para o meio ambiente.<\/p>\n\n\n\n<p>Quando um mu\u00e3o atravessa o g\u00e1s, s\u00e3o libertados eletr\u00f5es que geram um sinal el\u00e9trico indicando a passagem do mu\u00e3o naquele instante. O registo dos mu\u00f5es que chegaram  aos detetores e que atravessaram o terreno acima deles, vindos de todas as dire\u00e7\u00f5es, forma uma mapa da \u00e1rea observada a que se d\u00e1 o nome de muografia (algo semelhante a uma radiografia). Estas muografias s\u00e3o analisadas depois para retirar informa\u00e7\u00e3o do interior do terreno estudado.<\/p>\n\n\n\n<p><\/p>\n\n\n\n<div class=\"wp-block-columns is-layout-flex wp-container-core-columns-is-layout-9d6595d7 wp-block-columns-is-layout-flex\">\n<div class=\"wp-block-column is-layout-flow wp-block-column-is-layout-flow\" style=\"flex-basis:33.33%\">\n<figure class=\"wp-block-image size-large\"><img loading=\"lazy\" decoding=\"async\" width=\"1024\" height=\"752\" src=\"https:\/\/pages.lip.pt\/loumu\/wp-content\/uploads\/sites\/7\/2023\/04\/P1011881-1024x752.jpg\" alt=\"\" class=\"wp-image-1312\" srcset=\"https:\/\/pages.lip.pt\/loumu\/wp-content\/uploads\/sites\/7\/2023\/04\/P1011881-1024x752.jpg 1024w, https:\/\/pages.lip.pt\/loumu\/wp-content\/uploads\/sites\/7\/2023\/04\/P1011881-300x220.jpg 300w, https:\/\/pages.lip.pt\/loumu\/wp-content\/uploads\/sites\/7\/2023\/04\/P1011881-768x564.jpg 768w, https:\/\/pages.lip.pt\/loumu\/wp-content\/uploads\/sites\/7\/2023\/04\/P1011881-1536x1128.jpg 1536w, https:\/\/pages.lip.pt\/loumu\/wp-content\/uploads\/sites\/7\/2023\/04\/P1011881-2048x1504.jpg 2048w\" sizes=\"(max-width: 767px) 89vw, (max-width: 1000px) 54vw, (max-width: 1071px) 543px, 580px\" \/><\/figure>\n\n\n<div class=\"wp-block-image\">\n<figure class=\"aligncenter size-large\"><img loading=\"lazy\" decoding=\"async\" width=\"910\" height=\"1024\" src=\"https:\/\/pages.lip.pt\/loumu\/wp-content\/uploads\/sites\/7\/2023\/04\/P1011945-2-910x1024.jpg\" alt=\"\" class=\"wp-image-1328\" srcset=\"https:\/\/pages.lip.pt\/loumu\/wp-content\/uploads\/sites\/7\/2023\/04\/P1011945-2-910x1024.jpg 910w, https:\/\/pages.lip.pt\/loumu\/wp-content\/uploads\/sites\/7\/2023\/04\/P1011945-2-267x300.jpg 267w, https:\/\/pages.lip.pt\/loumu\/wp-content\/uploads\/sites\/7\/2023\/04\/P1011945-2-768x864.jpg 768w, https:\/\/pages.lip.pt\/loumu\/wp-content\/uploads\/sites\/7\/2023\/04\/P1011945-2-1365x1536.jpg 1365w, https:\/\/pages.lip.pt\/loumu\/wp-content\/uploads\/sites\/7\/2023\/04\/P1011945-2-1820x2048.jpg 1820w\" sizes=\"(max-width: 767px) 89vw, (max-width: 1000px) 54vw, (max-width: 1071px) 543px, 580px\" \/><\/figure>\n<\/div><\/div>\n\n\n\n<div class=\"wp-block-column is-layout-flow wp-block-column-is-layout-flow\" style=\"flex-basis:66.66%\"><div class=\"wp-block-image\">\n<figure class=\"aligncenter size-large is-resized\"><img loading=\"lazy\" decoding=\"async\" width=\"873\" height=\"1024\" src=\"https:\/\/pages.lip.pt\/loumu\/wp-content\/uploads\/sites\/7\/2023\/04\/P1011674_2-873x1024.jpg\" alt=\"\" class=\"wp-image-1308\" style=\"width:435px;height:510px\" srcset=\"https:\/\/pages.lip.pt\/loumu\/wp-content\/uploads\/sites\/7\/2023\/04\/P1011674_2-873x1024.jpg 873w, https:\/\/pages.lip.pt\/loumu\/wp-content\/uploads\/sites\/7\/2023\/04\/P1011674_2-256x300.jpg 256w, https:\/\/pages.lip.pt\/loumu\/wp-content\/uploads\/sites\/7\/2023\/04\/P1011674_2-768x900.jpg 768w, https:\/\/pages.lip.pt\/loumu\/wp-content\/uploads\/sites\/7\/2023\/04\/P1011674_2-1310x1536.jpg 1310w, https:\/\/pages.lip.pt\/loumu\/wp-content\/uploads\/sites\/7\/2023\/04\/P1011674_2-1747x2048.jpg 1747w\" sizes=\"(max-width: 767px) 89vw, (max-width: 1000px) 54vw, (max-width: 1071px) 543px, 580px\" \/><\/figure>\n<\/div><\/div>\n<\/div>\n\n\n\n<p>O paiol onde se encontra o telesc\u00f3pio era uma antiga sala de armazenamento para material explosivo, usado na explora\u00e7\u00e3o da mina. Hoje em dia os quatro pai\u00f3s da galeria acolhem alguns objetos de museu inseridos nas visitas \u00e0 mina, assim com alguns equipamentos de projetos externos, como \u00e9 o caso do projeto de muografia do LouMu.<\/p>\n\n\n\n<div class=\"wp-block-columns is-layout-flex wp-container-core-columns-is-layout-9d6595d7 wp-block-columns-is-layout-flex\">\n<div class=\"wp-block-column is-layout-flow wp-block-column-is-layout-flow\">\n<figure class=\"wp-block-embed is-type-video is-provider-youtube wp-block-embed-youtube wp-embed-aspect-16-9 wp-has-aspect-ratio\"><div class=\"wp-block-embed__wrapper\">\n<iframe title=\"Telesc\u00f3pio de Mu\u00f5es CorePix na Mina do Lousal\" width=\"443\" height=\"788\" src=\"https:\/\/www.youtube.com\/embed\/vuz33OQKELQ?feature=oembed\" frameborder=\"0\" allow=\"accelerometer; autoplay; clipboard-write; encrypted-media; gyroscope; picture-in-picture; web-share\" referrerpolicy=\"strict-origin-when-cross-origin\" allowfullscreen><\/iframe>\n<\/div><\/figure>\n<\/div>\n<\/div>\n\n\n\n<div style=\"height:1px\" aria-hidden=\"true\" class=\"wp-block-spacer\"><\/div>\n\n\n\n<div style=\"height:35px\" aria-hidden=\"true\" class=\"wp-block-spacer\"><\/div>\n\n\n\n<p class=\"has-medium-font-size\"><strong>Dete\u00e7\u00e3o Muogr\u00e1fica<\/strong><\/p>\n\n\n\n<p>O objetivo da dete\u00e7\u00e3o muogr\u00e1fica no interior do paiol \u00e9 fazer um reconhecimento geol\u00f3gico do terreno entre o telesc\u00f3pio e a superf\u00edcie e melhorar as informa\u00e7\u00f5es existentes com novos dados geol\u00f3gicos. Ao mesmo tempo, sendo esta a primeira aplica\u00e7\u00e3o  de muografia do LouMu e em Portugal, est\u00e1 a servir para avaliar o desempenho do telesc\u00f3pio e dos seus detetores e  tamb\u00e9m das ferramentas de an\u00e1lise muogr\u00e1fica.<\/p>\n\n\n\n<div style=\"height:35px\" aria-hidden=\"true\" class=\"wp-block-spacer\"><\/div>\n\n\n\n<figure class=\"wp-block-image size-large\"><img loading=\"lazy\" decoding=\"async\" width=\"1024\" height=\"293\" src=\"https:\/\/pages.lip.pt\/loumu\/wp-content\/uploads\/sites\/7\/2023\/04\/Area3-1024x293.png\" alt=\"\" class=\"wp-image-1357\" srcset=\"https:\/\/pages.lip.pt\/loumu\/wp-content\/uploads\/sites\/7\/2023\/04\/Area3-1024x293.png 1024w, https:\/\/pages.lip.pt\/loumu\/wp-content\/uploads\/sites\/7\/2023\/04\/Area3-300x86.png 300w, https:\/\/pages.lip.pt\/loumu\/wp-content\/uploads\/sites\/7\/2023\/04\/Area3-768x220.png 768w, https:\/\/pages.lip.pt\/loumu\/wp-content\/uploads\/sites\/7\/2023\/04\/Area3.png 1320w\" sizes=\"(max-width: 767px) 89vw, (max-width: 1000px) 54vw, (max-width: 1071px) 543px, 580px\" \/><figcaption class=\"wp-element-caption\">Vista em corte da Galeria Waldemar, mostrando a localiza\u00e7\u00e3o do telesc\u00f3pio e o local onde est\u00e1 a ocorrer a dete\u00e7\u00e3o muogr\u00e1fica<\/figcaption><\/figure>\n\n\n\n<div class=\"wp-block-columns is-layout-flex wp-container-core-columns-is-layout-9d6595d7 wp-block-columns-is-layout-flex\">\n<div class=\"wp-block-column is-layout-flow wp-block-column-is-layout-flow\"><div class=\"wp-block-image\">\n<figure class=\"aligncenter size-full\"><img loading=\"lazy\" decoding=\"async\" width=\"922\" height=\"453\" src=\"https:\/\/pages.lip.pt\/loumu\/wp-content\/uploads\/sites\/7\/2023\/04\/Area0PT.png\" alt=\"\" class=\"wp-image-1380\" srcset=\"https:\/\/pages.lip.pt\/loumu\/wp-content\/uploads\/sites\/7\/2023\/04\/Area0PT.png 922w, https:\/\/pages.lip.pt\/loumu\/wp-content\/uploads\/sites\/7\/2023\/04\/Area0PT-300x147.png 300w, https:\/\/pages.lip.pt\/loumu\/wp-content\/uploads\/sites\/7\/2023\/04\/Area0PT-768x377.png 768w\" sizes=\"(max-width: 767px) 89vw, (max-width: 1000px) 54vw, (max-width: 1071px) 543px, 580px\" \/><figcaption class=\"wp-element-caption\">Mapa digital da Galeria Waldemar e da superf\u00edcie de terreno por cima da mina, com a indica\u00e7\u00e3o da \u00e1rea do estudo (quadrado branco)<\/figcaption><\/figure>\n<\/div><\/div>\n<\/div>\n\n\n\n<p>As imagens acima mostram o enquadramento da \u00e1rea que est\u00e1 a ser estudada com o telesc\u00f3pio de mu\u00f5es, no terreno por cima da mina. S\u00e3o um modelo digital obtido com as t\u00e9cnicas de fotogrametria e lidar terrestre.<\/p>\n\n\n\n<div class=\"wp-block-columns are-vertically-aligned-center is-layout-flex wp-container-core-columns-is-layout-9d6595d7 wp-block-columns-is-layout-flex\">\n<div class=\"wp-block-column is-vertically-aligned-center is-layout-flow wp-block-column-is-layout-flow\"><div class=\"wp-block-image\">\n<figure class=\"aligncenter size-full\"><img loading=\"lazy\" decoding=\"async\" width=\"358\" height=\"342\" src=\"https:\/\/pages.lip.pt\/loumu\/wp-content\/uploads\/sites\/7\/2023\/04\/Area1PT.png\" alt=\"\" class=\"wp-image-1382\" srcset=\"https:\/\/pages.lip.pt\/loumu\/wp-content\/uploads\/sites\/7\/2023\/04\/Area1PT.png 358w, https:\/\/pages.lip.pt\/loumu\/wp-content\/uploads\/sites\/7\/2023\/04\/Area1PT-300x287.png 300w\" sizes=\"(max-width: 358px) 100vw, 358px\" \/><figcaption class=\"wp-element-caption\">A \u00e1rea da dete\u00e7\u00e3o \u00e0 superf\u00edcie tem uma dimens\u00e3o de 30 por 30 metros <\/figcaption><\/figure>\n<\/div><\/div>\n\n\n\n<div class=\"wp-block-column is-vertically-aligned-center is-layout-flow wp-block-column-is-layout-flow\"><div class=\"wp-block-image\">\n<figure class=\"aligncenter size-full\"><img loading=\"lazy\" decoding=\"async\" width=\"360\" height=\"344\" src=\"https:\/\/pages.lip.pt\/loumu\/wp-content\/uploads\/sites\/7\/2023\/04\/Area2.png\" alt=\"\" class=\"wp-image-1353\" srcset=\"https:\/\/pages.lip.pt\/loumu\/wp-content\/uploads\/sites\/7\/2023\/04\/Area2.png 360w, https:\/\/pages.lip.pt\/loumu\/wp-content\/uploads\/sites\/7\/2023\/04\/Area2-300x287.png 300w\" sizes=\"(max-width: 360px) 100vw, 360px\" \/><figcaption class=\"wp-element-caption\">Primeira muografia obtida do terreno mostrando a presen\u00e7a da falha geol\u00f3gica (amarelo)<\/figcaption><\/figure>\n<\/div><\/div>\n<\/div>\n\n\n\n<p>A \u00e1rea do terreno onde se encontra o paiol com o telesc\u00f3pio, \u00e9 atravessada por uma falha geol\u00f3gica regional chamada Falha de Corona. Esta \u00e9 uma estrutura de grandes dimens\u00f5es que se formou quando uma parte do terreno come\u00e7ou a mover-se numa dire\u00e7\u00e3o diferente em rela\u00e7\u00e3o \u00e0 outra parte de terreno a que est\u00e1 encostada. A zona da falha tem uma densidade menor que as rochas ao lado e por isso consegue ser facilmente detetada com a muografia. A primeira muografia obtida no local, mostra as diferen\u00e7as de densidade encontradas no terreno, com base na dete\u00e7\u00e3o dos mu\u00f5es que o atravessaram ao longo de 2 meses e que chegaram ao telesc\u00f3pio de mu\u00f5es. Assim, nesta primeira muografia a zona da falha aparece em cores pr\u00f3ximas do amarelo, significando que mais mu\u00f5es atravessaram o terreno naquela zona, por ser menos densa que as zonas coloridas a azul.<\/p>\n\n\n\n<div class=\"wp-block-columns is-layout-flex wp-container-core-columns-is-layout-9d6595d7 wp-block-columns-is-layout-flex\">\n<div class=\"wp-block-column is-layout-flow wp-block-column-is-layout-flow\" style=\"flex-basis:66.66%\">\n<figure class=\"wp-block-image size-full\"><img loading=\"lazy\" decoding=\"async\" width=\"347\" height=\"286\" src=\"https:\/\/pages.lip.pt\/loumu\/wp-content\/uploads\/sites\/7\/2025\/09\/muo_sim_3d.png\" alt=\"\" class=\"wp-image-1522\" srcset=\"https:\/\/pages.lip.pt\/loumu\/wp-content\/uploads\/sites\/7\/2025\/09\/muo_sim_3d.png 347w, https:\/\/pages.lip.pt\/loumu\/wp-content\/uploads\/sites\/7\/2025\/09\/muo_sim_3d-300x247.png 300w\" sizes=\"(max-width: 347px) 100vw, 347px\" \/><figcaption class=\"wp-element-caption\">Simula\u00e7\u00e3o 3D da observa\u00e7\u00e3o muogr\u00e1fica da zona atravessada pela Falha de Corona. Nesta representa\u00e7\u00e3o, o azul indica a regi\u00e3o onde h\u00e1 maior transmiss\u00e3o de mu\u00f5es, coincidindo com a posi\u00e7\u00e3o da falha. <\/figcaption><\/figure>\n<\/div>\n\n\n\n<div class=\"wp-block-column is-layout-flow wp-block-column-is-layout-flow\" style=\"flex-basis:33.33%\">\n<p>Novas posi\u00e7\u00f5es para o telesc\u00f3pio est\u00e3o a ser experimentadas para observar a falha de \u00e2ngulos diferentes e fazer uma observa\u00e7\u00e3o mais completa.<\/p>\n\n\n\n<p>Para complementar os dados da dete\u00e7\u00e3o, novas simula\u00e7\u00f5es est\u00e3o a ser desenvolvidas para ajudar a afinar os dados e a melhorar a interpreta\u00e7\u00e3o muogr\u00e1fica. <\/p>\n<\/div>\n<\/div>\n\n\n\n<div class=\"wp-block-buttons is-content-justification-center is-layout-flex wp-container-core-buttons-is-layout-16018d1d wp-block-buttons-is-layout-flex\">\n<div class=\"wp-block-button is-style-fill\"><a class=\"wp-block-button__link wp-element-button\" href=\"https:\/\/www.lip.pt\/experiments\/LouMu_\/tablets\/index4.html\"><strong>  O TELESC\u00d3PIO AGORA <\/strong><\/a><\/div>\n<\/div>\n\n\n\n<blockquote class=\"wp-block-quote has-text-align-center is-layout-flow wp-block-quote-is-layout-flow\">\n<p><\/p>\n<cite> &#8211;  clica no bot\u00e3o e observa a dete\u00e7\u00e3o do telesc\u00f3pio em tempo real  &#8211;<\/cite><\/blockquote>\n\n\n\n<div style=\"height:20px\" aria-hidden=\"true\" class=\"wp-block-spacer\"><\/div>\n","protected":false},"excerpt":{"rendered":"<p>Ap\u00f3s a sua constru\u00e7\u00e3o e calibra\u00e7\u00e3o nos laborat\u00f3rios de detetores do LIP em Coimbra, o telesc\u00f3pio de mu\u00f5es CorePix foi transferido para a Mina do Lousal. O CorePix foi instalado na Galeria Waldemar da Mina do Lousal em abril de 2022. Desde ent\u00e3o tem estado a operar dentro de um paiol da galeria, a coletar &hellip; <\/p>\n<p class=\"link-more\"><a href=\"https:\/\/pages.lip.pt\/loumu\/no-lousal-2\/\" class=\"more-link\">Continue reading<span class=\"screen-reader-text\"> &#8220;Dete\u00e7\u00e3o no Lousal&#8221;<\/span><\/a><\/p>\n","protected":false},"author":19,"featured_media":0,"parent":0,"menu_order":0,"comment_status":"closed","ping_status":"closed","template":"","meta":{"footnotes":""},"class_list":["post-1291","page","type-page","status-publish","hentry"],"_links":{"self":[{"href":"https:\/\/pages.lip.pt\/loumu\/wp-json\/wp\/v2\/pages\/1291","targetHints":{"allow":["GET"]}}],"collection":[{"href":"https:\/\/pages.lip.pt\/loumu\/wp-json\/wp\/v2\/pages"}],"about":[{"href":"https:\/\/pages.lip.pt\/loumu\/wp-json\/wp\/v2\/types\/page"}],"author":[{"embeddable":true,"href":"https:\/\/pages.lip.pt\/loumu\/wp-json\/wp\/v2\/users\/19"}],"replies":[{"embeddable":true,"href":"https:\/\/pages.lip.pt\/loumu\/wp-json\/wp\/v2\/comments?post=1291"}],"version-history":[{"count":45,"href":"https:\/\/pages.lip.pt\/loumu\/wp-json\/wp\/v2\/pages\/1291\/revisions"}],"predecessor-version":[{"id":1534,"href":"https:\/\/pages.lip.pt\/loumu\/wp-json\/wp\/v2\/pages\/1291\/revisions\/1534"}],"wp:attachment":[{"href":"https:\/\/pages.lip.pt\/loumu\/wp-json\/wp\/v2\/media?parent=1291"}],"curies":[{"name":"wp","href":"https:\/\/api.w.org\/{rel}","templated":true}]}}