{"id":164,"date":"2024-10-29T17:20:54","date_gmt":"2024-10-29T17:20:54","guid":{"rendered":"https:\/\/pages.lip.pt\/edulab\/?page_id=164"},"modified":"2024-10-30T18:53:15","modified_gmt":"2024-10-30T18:53:15","slug":"atividades","status":"publish","type":"page","link":"https:\/\/pages.lip.pt\/edulab\/atividades\/","title":{"rendered":"Atividades"},"content":{"rendered":"\t\t<div data-elementor-type=\"wp-page\" data-elementor-id=\"164\" class=\"elementor elementor-164\">\n\t\t\t\t\t\t<section class=\"elementor-section elementor-top-section elementor-element elementor-element-2bf3d47 elementor-section-boxed elementor-section-height-default elementor-section-height-default\" data-id=\"2bf3d47\" data-element_type=\"section\">\n\t\t\t\t\t\t<div class=\"elementor-container elementor-column-gap-default\">\n\t\t\t\t\t<div class=\"elementor-column elementor-col-50 elementor-top-column elementor-element elementor-element-b23e0ff\" data-id=\"b23e0ff\" data-element_type=\"column\">\n\t\t\t<div class=\"elementor-widget-wrap elementor-element-populated\">\n\t\t\t\t\t\t<div class=\"elementor-element elementor-element-1fa3c57 elementor-widget elementor-widget-heading\" data-id=\"1fa3c57\" data-element_type=\"widget\" data-widget_type=\"heading.default\">\n\t\t\t\t<div class=\"elementor-widget-container\">\n\t\t\t\t\t<h2 class=\"elementor-heading-title elementor-size-default\">Atividades\nLIP EduLab<\/h2>\t\t\t\t<\/div>\n\t\t\t\t<\/div>\n\t\t\t\t\t<\/div>\n\t\t<\/div>\n\t\t\t\t<div class=\"elementor-column elementor-col-50 elementor-top-column elementor-element elementor-element-abe3a1d\" data-id=\"abe3a1d\" data-element_type=\"column\">\n\t\t\t<div class=\"elementor-widget-wrap elementor-element-populated\">\n\t\t\t\t\t\t<div class=\"elementor-element elementor-element-4e03123 elementor-widget elementor-widget-text-editor\" data-id=\"4e03123\" data-element_type=\"widget\" data-widget_type=\"text-editor.default\">\n\t\t\t\t<div class=\"elementor-widget-container\">\n\t\t\t\t\t\t\t\t\t<p><a href=\"https:\/\/pages.lip.pt\/edulab\/2024\/10\/30\/visitas-ao-lip\/\"><span style=\"text-decoration: underline\"><span style=\"text-align: justify\">Visitas do p\u00fablico escolar e do p\u00fablico em geral<\/span><\/span><\/a><\/p><p><span style=\"text-align: justify\">Atividades laboratoriais nas escolas<\/span><\/p><p><span style=\"text-align: justify\"><a href=\"https:\/\/pages.lip.pt\/edulab\/2024\/10\/30\/eventos\/\"><span style=\"text-decoration: underline\">Eventos no LIP e no exterior (laborat\u00f3rio aberto, feiras de ci\u00eancia, noite europeia dos investigadores<\/span><\/a>)<\/span><\/p><p><span style=\"text-align: justify\">Colabora\u00e7\u00e3o em projetos com alunos e professores<\/span><\/p><p><span style=\"text-align: justify\">Parcerias com clubes de ci\u00eancia.<\/span><\/p>\t\t\t\t\t\t\t\t<\/div>\n\t\t\t\t<\/div>\n\t\t\t\t\t<\/div>\n\t\t<\/div>\n\t\t\t\t\t<\/div>\n\t\t<\/section>\n\t\t\t\t<\/div>\n\t\t","protected":false},"excerpt":{"rendered":"<p>Atividades LIP EduLab Visitas do p\u00fablico escolar e do p\u00fablico em geral Atividades laboratoriais nas escolas Eventos no LIP e no exterior (laborat\u00f3rio aberto, feiras de ci\u00eancia, noite europeia dos investigadores) Colabora\u00e7\u00e3o em projetos com alunos e professores Parcerias com clubes de ci\u00eancia.<\/p>\n","protected":false},"author":18,"featured_media":0,"parent":0,"menu_order":0,"comment_status":"closed","ping_status":"closed","template":"elementor_header_footer","meta":{"footnotes":""},"class_list":["post-164","page","type-page","status-publish","hentry"],"_links":{"self":[{"href":"https:\/\/pages.lip.pt\/edulab\/wp-json\/wp\/v2\/pages\/164","targetHints":{"allow":["GET"]}}],"collection":[{"href":"https:\/\/pages.lip.pt\/edulab\/wp-json\/wp\/v2\/pages"}],"about":[{"href":"https:\/\/pages.lip.pt\/edulab\/wp-json\/wp\/v2\/types\/page"}],"author":[{"embeddable":true,"href":"https:\/\/pages.lip.pt\/edulab\/wp-json\/wp\/v2\/users\/18"}],"replies":[{"embeddable":true,"href":"https:\/\/pages.lip.pt\/edulab\/wp-json\/wp\/v2\/comments?post=164"}],"version-history":[{"count":43,"href":"https:\/\/pages.lip.pt\/edulab\/wp-json\/wp\/v2\/pages\/164\/revisions"}],"predecessor-version":[{"id":400,"href":"https:\/\/pages.lip.pt\/edulab\/wp-json\/wp\/v2\/pages\/164\/revisions\/400"}],"wp:attachment":[{"href":"https:\/\/pages.lip.pt\/edulab\/wp-json\/wp\/v2\/media?parent=164"}],"curies":[{"name":"wp","href":"https:\/\/api.w.org\/{rel}","templated":true}]}}