{"id":27,"date":"2021-04-07T10:35:07","date_gmt":"2021-04-07T10:35:07","guid":{"rendered":"https:\/\/pages.lip.pt\/cern-em-portugues\/?page_id=27"},"modified":"2021-04-07T11:06:16","modified_gmt":"2021-04-07T11:06:16","slug":"contactos","status":"publish","type":"page","link":"https:\/\/pages.lip.pt\/cern-em-portugues\/contactos\/","title":{"rendered":"Contactos"},"content":{"rendered":"\n<h3 class=\"wp-block-heading\"><strong>LIP &#8211; Laborat\u00f3rio de Instrumenta\u00e7\u00e3o e F\u00edsica Experimental de Part\u00edculas<\/strong><\/h3>\n\n\n\n<p>Av. Elias Garcia 14 &#8211; 1\u00ba<br>1000-149 Lisboa<br>Portugal<br><strong>Tel:<\/strong>\u00a0(+351) 21 797 38 80<br><br><strong>Secretariado:<\/strong>\u00a0\u00a0jpedro{&#8211;at&#8211;}lip.pt\u00a0\u00a0\u00a0\u00a0\u00a0<em><small>( subsituir {&#8211;at&#8211;} por @ )<\/small><\/em><br><strong>Website:<\/strong>\u00a0\u00a0carlos{&#8211;at&#8211;}lip.pt\u00a0\u00a0\u00a0\u00a0\u00a0<em><small>( subsituir {&#8211;at&#8211;} por @ )<\/small><\/em><\/p>\n","protected":false},"excerpt":{"rendered":"<p>LIP &#8211; Laborat\u00f3rio de Instrumenta\u00e7\u00e3o e F\u00edsica Experimental de Part\u00edculas Av. Elias Garcia 14 &#8211; 1\u00ba1000-149 LisboaPortugalTel:\u00a0(+351) 21 797 38 80 Secretariado:\u00a0\u00a0jpedro{&#8211;at&#8211;}lip.pt\u00a0\u00a0\u00a0\u00a0\u00a0( subsituir {&#8211;at&#8211;} por @ )Website:\u00a0\u00a0carlos{&#8211;at&#8211;}lip.pt\u00a0\u00a0\u00a0\u00a0\u00a0( subsituir {&#8211;at&#8211;} por @ )<\/p>\n","protected":false},"author":2,"featured_media":0,"parent":0,"menu_order":0,"comment_status":"closed","ping_status":"closed","template":"","meta":{"footnotes":""},"class_list":["post-27","page","type-page","status-publish","hentry"],"_links":{"self":[{"href":"https:\/\/pages.lip.pt\/cern-em-portugues\/wp-json\/wp\/v2\/pages\/27","targetHints":{"allow":["GET"]}}],"collection":[{"href":"https:\/\/pages.lip.pt\/cern-em-portugues\/wp-json\/wp\/v2\/pages"}],"about":[{"href":"https:\/\/pages.lip.pt\/cern-em-portugues\/wp-json\/wp\/v2\/types\/page"}],"author":[{"embeddable":true,"href":"https:\/\/pages.lip.pt\/cern-em-portugues\/wp-json\/wp\/v2\/users\/2"}],"replies":[{"embeddable":true,"href":"https:\/\/pages.lip.pt\/cern-em-portugues\/wp-json\/wp\/v2\/comments?post=27"}],"version-history":[{"count":3,"href":"https:\/\/pages.lip.pt\/cern-em-portugues\/wp-json\/wp\/v2\/pages\/27\/revisions"}],"predecessor-version":[{"id":65,"href":"https:\/\/pages.lip.pt\/cern-em-portugues\/wp-json\/wp\/v2\/pages\/27\/revisions\/65"}],"wp:attachment":[{"href":"https:\/\/pages.lip.pt\/cern-em-portugues\/wp-json\/wp\/v2\/media?parent=27"}],"curies":[{"name":"wp","href":"https:\/\/api.w.org\/{rel}","templated":true}]}}