{"id":81,"date":"2020-12-10T17:46:38","date_gmt":"2020-12-10T17:46:38","guid":{"rendered":"https:\/\/projects.lip.pt\/atlas\/?page_id=81"},"modified":"2023-02-20T18:34:31","modified_gmt":"2023-02-20T18:34:31","slug":"atlas-experiment-lip","status":"publish","type":"page","link":"https:\/\/pages.lip.pt\/atlas\/","title":{"rendered":"ATLAS Experiment @LIP"},"content":{"rendered":"\n<div class=\"wp-block-columns is-layout-flex wp-container-core-columns-is-layout-9d6595d7 wp-block-columns-is-layout-flex\">\n<div class=\"wp-block-column column-1 is-layout-flow wp-block-column-is-layout-flow\" style=\"flex-basis:100%\">\n<p>ATLAS is one of the four major experiments at the Large Hadron Collider (LHC) at CERN. It is a general-purpose particle physics experiment run by an international collaboration and, together with CMS, is designed to exploit the full discovery potential and the huge range of physics opportunities that the LHC provides.<\/p>\n\n\n\n<p>LIP is member of the ATLAS Collaboration at the Large Hadron Collider (LHC) at CERN since 1992. The scientific motivations of the research at the LHC are at the heart of our quest for understanding the fundamental physics laws of the universe.<\/p>\n\n\n\n<div class=\"wp-block-group\"><div class=\"wp-block-group__inner-container is-layout-flow wp-block-group-is-layout-flow\">\n<figure class=\"wp-block-image size-large\"><img fetchpriority=\"high\" decoding=\"async\" width=\"1024\" height=\"575\" src=\"https:\/\/pages.lip.pt\/atlas\/wp-content\/uploads\/sites\/2\/2023\/02\/Screenshot-2023-02-17-at-16.21.37-1024x575.png\" alt=\"\" class=\"wp-image-368\" srcset=\"https:\/\/pages.lip.pt\/atlas\/wp-content\/uploads\/sites\/2\/2023\/02\/Screenshot-2023-02-17-at-16.21.37-1024x575.png 1024w, https:\/\/pages.lip.pt\/atlas\/wp-content\/uploads\/sites\/2\/2023\/02\/Screenshot-2023-02-17-at-16.21.37-300x168.png 300w, https:\/\/pages.lip.pt\/atlas\/wp-content\/uploads\/sites\/2\/2023\/02\/Screenshot-2023-02-17-at-16.21.37-768x431.png 768w, https:\/\/pages.lip.pt\/atlas\/wp-content\/uploads\/sites\/2\/2023\/02\/Screenshot-2023-02-17-at-16.21.37.png 1506w\" sizes=\"(max-width: 706px) 89vw, (max-width: 767px) 82vw, 740px\" \/><\/figure>\n\n\n\n<h3 class=\"wp-block-heading\"><strong>THESES OPPORTUNITIES<\/strong><\/h3>\n\n\n\n<p><strong>JOIN US AT THE LIP-ATLAS GROUP TO EXPLORE THE WORLD OF HIGH-ENERGY PHYSICS.<\/strong><\/p>\n\n\n\n<p><\/p>\n\n\n\n<div class=\"wp-block-button is-style-outline\"><a class=\"wp-block-button__link has-white-color has-vivid-cyan-blue-background-color has-text-color has-background\" href=\"https:\/\/pages.lip.pt\/atlas\/theses-opportunities\" rel=\"noopener noreferrer\">Thesis Opportunities &#8211; Check now<\/a><\/div>\n\n\n\n<p><\/p>\n\n\n\n<p><\/p>\n<\/div><\/div>\n<\/div>\n\n\n\n<div class=\"wp-block-column is-layout-flow wp-block-column-is-layout-flow\" style=\"flex-basis:50%\">\n<p><\/p>\n\n\n\n<p><strong>UPDATES<\/strong><\/p>\n\n\n\n<p><a rel=\"noreferrer noopener\" href=\"https:\/\/indico.lip.pt\/event\/1184\/\" data-type=\"URL\" data-id=\"https:\/\/indico.lip.pt\/event\/1184\/\" target=\"_blank\"><strong>30 years of ATLAS celebrated in Lisbon<\/strong><\/a><\/p>\n\n\n\n<figure class=\"wp-block-gallery has-nested-images columns-default is-cropped wp-block-gallery-1 is-layout-flex wp-block-gallery-is-layout-flex\">\n<figure class=\"wp-block-image size-large\"><img decoding=\"async\" width=\"1024\" height=\"267\" data-id=\"375\" src=\"https:\/\/pages.lip.pt\/atlas\/wp-content\/uploads\/sites\/2\/2023\/02\/atlas_week_event_lisbon_22-1024x267.png\" alt=\"\" class=\"wp-image-375\" srcset=\"https:\/\/pages.lip.pt\/atlas\/wp-content\/uploads\/sites\/2\/2023\/02\/atlas_week_event_lisbon_22-1024x267.png 1024w, https:\/\/pages.lip.pt\/atlas\/wp-content\/uploads\/sites\/2\/2023\/02\/atlas_week_event_lisbon_22-300x78.png 300w, https:\/\/pages.lip.pt\/atlas\/wp-content\/uploads\/sites\/2\/2023\/02\/atlas_week_event_lisbon_22-768x200.png 768w, https:\/\/pages.lip.pt\/atlas\/wp-content\/uploads\/sites\/2\/2023\/02\/atlas_week_event_lisbon_22-1536x400.png 1536w, https:\/\/pages.lip.pt\/atlas\/wp-content\/uploads\/sites\/2\/2023\/02\/atlas_week_event_lisbon_22.png 1920w\" sizes=\"(max-width: 706px) 89vw, (max-width: 767px) 82vw, 740px\" \/><\/figure>\n<\/figure>\n\n\n\n<p><a rel=\"noreferrer noopener\" href=\"https:\/\/atlas.cern\/Updates\/Press-Statement\/10-year-higgs\" target=\"_blank\"><strong>10 years of discovery with the Higgs boson<\/strong><\/a><\/p>\n\n\n\n<figure class=\"wp-block-image size-large is-resized\"><a href=\"https:\/\/atlas.cern\/Updates\/Press-Statement\/10-year-higgs\"><img decoding=\"async\" src=\"https:\/\/pages.lip.pt\/atlas\/wp-content\/uploads\/sites\/2\/2022\/07\/ATLAS-Higgs-Banner_0-1024x476.jpg\" alt=\"\" class=\"wp-image-346\" width=\"194\" height=\"90\" srcset=\"https:\/\/pages.lip.pt\/atlas\/wp-content\/uploads\/sites\/2\/2022\/07\/ATLAS-Higgs-Banner_0-1024x476.jpg 1024w, https:\/\/pages.lip.pt\/atlas\/wp-content\/uploads\/sites\/2\/2022\/07\/ATLAS-Higgs-Banner_0-300x140.jpg 300w, https:\/\/pages.lip.pt\/atlas\/wp-content\/uploads\/sites\/2\/2022\/07\/ATLAS-Higgs-Banner_0-768x357.jpg 768w, https:\/\/pages.lip.pt\/atlas\/wp-content\/uploads\/sites\/2\/2022\/07\/ATLAS-Higgs-Banner_0-1536x715.jpg 1536w, https:\/\/pages.lip.pt\/atlas\/wp-content\/uploads\/sites\/2\/2022\/07\/ATLAS-Higgs-Banner_0-2048x953.jpg 2048w\" sizes=\"(max-width: 194px) 100vw, 194px\" \/><\/a><\/figure>\n\n\n\n<p><a rel=\"noreferrer noopener\" href=\"https:\/\/indico.cern.ch\/event\/1132304\/\" target=\"_blank\"><strong>Visita virtual aberta a ATLAS em L\u00edngua Portuguesa\u00a0<\/strong><\/a><\/p>\n\n\n\n<p><br><strong>In\u00eas \u00e0 procura de nova f\u00edsica em ATLAS<\/strong><\/p>\n\n\n\n<figure class=\"wp-block-image size-large is-resized\"><img loading=\"lazy\" decoding=\"async\" src=\"https:\/\/pages.lip.pt\/atlas\/wp-content\/uploads\/sites\/2\/2021\/02\/20210106-goncalo-villaverde-061-1.jpg\" alt=\"\" class=\"wp-image-277\" width=\"194\" height=\"216\" srcset=\"https:\/\/pages.lip.pt\/atlas\/wp-content\/uploads\/sites\/2\/2021\/02\/20210106-goncalo-villaverde-061-1.jpg 627w, https:\/\/pages.lip.pt\/atlas\/wp-content\/uploads\/sites\/2\/2021\/02\/20210106-goncalo-villaverde-061-1-269x300.jpg 269w\" sizes=\"(max-width: 194px) 100vw, 194px\" \/><figcaption class=\"wp-element-caption\">A nossa investigadora In\u00eas Och\u00f4a deu uma <a href=\"https:\/\/observador.pt\/2021\/02\/01\/ines-a-procura-da-nova-fisica\/\">entrevista ao jornal Observador<\/a> sobre o seu trabalho e o seu projeto financiado pela Funda\u00e7\u00e3o \u201cla Caixa\u201d.<\/figcaption><\/figure>\n\n\n\n<figure class=\"wp-block-image\"><a href=\"https:\/\/www.lip.pt\/?section=press&amp;page=news-details&amp;id=1020&amp;ref=homepage\"><img decoding=\"async\" src=\"https:\/\/webmail.lip.pt\/?_task=mail&amp;_action=get&amp;_mbox=INBOX&amp;_uid=224002&amp;_token=xezD9UjMwDVbM25kuNFwMWohAyo3kqzR&amp;_part=2.2&amp;_embed=1&amp;_mimeclass=image\" alt=\"\" \/><\/a><figcaption class=\"wp-element-caption\"> <\/figcaption><\/figure>\n\n\n\n<p>Beatriz Pereira successfully defended her master thesis entitled \u201cRadiation damage of the optical components of the ATLAS TileCal calorimeter at the High-Luminosity LHC\u201d. Congratulations to Beatriz!<\/p>\n\n\n<ul class=\"wp-block-latest-posts__list wp-block-latest-posts\"><li><div class=\"wp-block-latest-posts__featured-image\"><img loading=\"lazy\" decoding=\"async\" width=\"200\" height=\"200\" src=\"https:\/\/pages.lip.pt\/atlas\/wp-content\/uploads\/sites\/2\/2021\/01\/ALCarvalho-1.jpg\" class=\"attachment-medium size-medium wp-post-image\" alt=\"\" style=\"\" srcset=\"https:\/\/pages.lip.pt\/atlas\/wp-content\/uploads\/sites\/2\/2021\/01\/ALCarvalho-1.jpg 200w, https:\/\/pages.lip.pt\/atlas\/wp-content\/uploads\/sites\/2\/2021\/01\/ALCarvalho-1-150x150.jpg 150w, https:\/\/pages.lip.pt\/atlas\/wp-content\/uploads\/sites\/2\/2021\/01\/ALCarvalho-1-100x100.jpg 100w\" sizes=\"100vw\" \/><\/div><a class=\"wp-block-latest-posts__post-title\" href=\"https:\/\/pages.lip.pt\/atlas\/2021\/01\/18\/atlas-phd-grant-awarded-to-lip-student\/\">ATLAS PhD Grant awarded to LIP student<\/a><\/li>\n<\/ul>\n\n\n<p><a rel=\"noreferrer noopener\" href=\"https:\/\/indico.cern.ch\/event\/764119\/\" data-type=\"URL\" data-id=\"https:\/\/indico.cern.ch\/event\/764119\/\" target=\"_blank\"><strong>7th ATLAS single top-quark workshop<\/strong><\/a><\/p>\n\n\n\n<figure class=\"wp-block-gallery has-nested-images columns-default is-cropped wp-block-gallery-2 is-layout-flex wp-block-gallery-is-layout-flex\">\n<figure class=\"wp-block-image size-large\"><img loading=\"lazy\" decoding=\"async\" width=\"724\" height=\"1024\" data-id=\"381\" src=\"https:\/\/pages.lip.pt\/atlas\/wp-content\/uploads\/sites\/2\/2023\/02\/PosterSingleTop_low-2-724x1024.jpeg\" alt=\"\" class=\"wp-image-381\" srcset=\"https:\/\/pages.lip.pt\/atlas\/wp-content\/uploads\/sites\/2\/2023\/02\/PosterSingleTop_low-2-724x1024.jpeg 724w, https:\/\/pages.lip.pt\/atlas\/wp-content\/uploads\/sites\/2\/2023\/02\/PosterSingleTop_low-2-212x300.jpeg 212w, https:\/\/pages.lip.pt\/atlas\/wp-content\/uploads\/sites\/2\/2023\/02\/PosterSingleTop_low-2-768x1086.jpeg 768w, https:\/\/pages.lip.pt\/atlas\/wp-content\/uploads\/sites\/2\/2023\/02\/PosterSingleTop_low-2-1086x1536.jpeg 1086w, https:\/\/pages.lip.pt\/atlas\/wp-content\/uploads\/sites\/2\/2023\/02\/PosterSingleTop_low-2.jpeg 1200w\" sizes=\"(max-width: 724px) 100vw, 724px\" \/><\/figure>\n<\/figure>\n\n\n\n<p><a rel=\"noreferrer noopener\" href=\"https:\/\/www.lip.pt\/ATLAS_25\/\" data-type=\"URL\" data-id=\"https:\/\/www.lip.pt\/ATLAS_25\/\" target=\"_blank\"><strong>Celebrating the 25th anniversary of the ATLAS experiment and the career of Am\u00e9lia Maio<\/strong><\/a><\/p>\n\n\n\n<figure class=\"wp-block-gallery has-nested-images columns-default is-cropped wp-block-gallery-3 is-layout-flex wp-block-gallery-is-layout-flex\">\n<figure class=\"wp-block-image size-large\"><img loading=\"lazy\" decoding=\"async\" width=\"806\" height=\"1024\" data-id=\"383\" src=\"https:\/\/pages.lip.pt\/atlas\/wp-content\/uploads\/sites\/2\/2023\/02\/Amelia-1-806x1024.png\" alt=\"\" class=\"wp-image-383\" srcset=\"https:\/\/pages.lip.pt\/atlas\/wp-content\/uploads\/sites\/2\/2023\/02\/Amelia-1-806x1024.png 806w, https:\/\/pages.lip.pt\/atlas\/wp-content\/uploads\/sites\/2\/2023\/02\/Amelia-1-236x300.png 236w, https:\/\/pages.lip.pt\/atlas\/wp-content\/uploads\/sites\/2\/2023\/02\/Amelia-1-768x976.png 768w, https:\/\/pages.lip.pt\/atlas\/wp-content\/uploads\/sites\/2\/2023\/02\/Amelia-1-1209x1536.png 1209w, https:\/\/pages.lip.pt\/atlas\/wp-content\/uploads\/sites\/2\/2023\/02\/Amelia-1.png 1297w\" sizes=\"(max-width: 706px) 89vw, (max-width: 767px) 82vw, 740px\" \/><\/figure>\n<\/figure>\n\n\n\n<p><a rel=\"noreferrer noopener\" href=\"https:\/\/www.lip.pt\/events\/2015\/atlas_trigger_gpu_demo\" data-type=\"URL\" data-id=\"https:\/\/www.lip.pt\/events\/2015\/atlas_trigger_gpu_demo\" target=\"_blank\"><strong>ATLAS Trigger GPU Demonstrator Sprint Workshop<\/strong><\/a><\/p>\n\n\n\n<p><a href=\"https:\/\/www.lip.pt\/events\/2014\/atlas_trigger_workshop\/\" data-type=\"URL\" data-id=\"https:\/\/www.lip.pt\/events\/2014\/atlas_trigger_workshop\/\" target=\"_blank\" rel=\"noreferrer noopener\"><strong>ATLAS Trigger Workshop<\/strong><\/a><\/p>\n\n\n\n<p><a rel=\"noreferrer noopener\" href=\"https:\/\/www.lip.pt\/events\/2012\/atlas_higgs2ww_workshop\/index.php\" data-type=\"URL\" data-id=\"https:\/\/www.lip.pt\/events\/2012\/atlas_higgs2ww_workshop\/index.php\" target=\"_blank\"><strong>ATLAS Higgs to WW Workshop<\/strong><\/a><\/p>\n\n\n\n<p><a rel=\"noreferrer noopener\" href=\"https:\/\/www.lip.pt\/alfa_meeting\/\" data-type=\"URL\" data-id=\"https:\/\/www.lip.pt\/alfa_meeting\/\" target=\"_blank\"><strong>ATLAS \/ ALFA meeting<\/strong><\/a><\/p>\n\n\n\n<h5 class=\"wp-block-heading\"><strong>USEFUL LINKS<\/strong><\/h5>\n\n\n\n<ul class=\"wp-block-list\" id=\"menu\">\n<li><a rel=\"noreferrer noopener\" href=\"http:\/\/atlas.ch\/\" target=\"_blank\">ATLAS Experiment<\/a><\/li>\n\n\n\n<li><a rel=\"noreferrer noopener\" target=\"_blank\" href=\"http:\/\/atlas.ch\/updates\/atlas-news\">ATLAS News Updates<\/a><\/li>\n\n\n\n<li><a rel=\"noreferrer noopener\" href=\"http:\/\/atlas-physics-updates.web.cern.ch\/atlas-physics-updates\/\" target=\"_blank\">Latest Results&nbsp;<sup>(NEW)<\/sup><\/a><\/li>\n\n\n\n<li><a rel=\"noreferrer noopener\" href=\"http:\/\/www.cern.ch\/\" target=\"_blank\">CERN<\/a><\/li>\n\n\n\n<li><a rel=\"noreferrer noopener\" target=\"_blank\" href=\"http:\/\/www.lip.pt\/\"><strong><u>LIP<\/u><\/strong><\/a><\/li>\n\n\n\n<li>Course on Physics at the LHC<br><a rel=\"noreferrer noopener\" href=\"http:\/\/www.idpasc.lip.pt\/LIP\/events\/2013_lhc_physics\/\" target=\"_blank\">2013<\/a>,&nbsp;<a rel=\"noreferrer noopener\" href=\"http:\/\/www.idpasc.lip.pt\/LIP\/events\/2014_lhc_physics\/\" target=\"_blank\">2014<\/a>,&nbsp;<a rel=\"noreferrer noopener\" href=\"http:\/\/www.idpasc.lip.pt\/LIP\/events\/2015_lhc_physics\/\" target=\"_blank\">2015<\/a><br><a rel=\"noreferrer noopener\" href=\"http:\/\/www.idpasc.lip.pt\/LIP\/events\/2016_lhc_physics\/\" target=\"_blank\">2016<\/a>,&nbsp;<a rel=\"noreferrer noopener\" href=\"http:\/\/www.idpasc.lip.pt\/LIP\/events\/2017_lhc_physics\/\" target=\"_blank\">2017<\/a>,&nbsp;<a rel=\"noreferrer noopener\" href=\"http:\/\/www.idpasc.lip.pt\/LIP\/events\/2018_lhc_physics\/\" target=\"_blank\">2018<\/a><br><a rel=\"noreferrer noopener\" href=\"http:\/\/www.idpasc.lip.pt\/LIP\/events\/2019_lhc_physics\/\" target=\"_blank\">2019<\/a><br><\/li>\n\n\n\n<li><a href=\"https:\/\/pages.lip.pt\/atlas\/theses-opportunities\"><u><strong>Theses oportunities<\/strong><\/u><\/a><\/li>\n\n\n\n<li><a rel=\"noreferrer noopener\" href=\"http:\/\/www.lip.pt\/higgs\/files\/Memorando-LHC-Completo.pdf\" target=\"_blank\">Portugal @ LHC<\/a><\/li>\n<\/ul>\n\n\n\n<p><a href=\"https:\/\/www.facebook.com\/ATLASexperiment\">https:\/\/www.facebook.com\/ATLASexperiment<\/a><\/p>\n\n\n\n<ul class=\"wp-block-social-links\">\n<li>\n<h6><a href=\"https:\/\/www.facebook.com\/ATLASexperiment\" target=\"_blank\" rel=\"noopener\">Facebook<\/a><\/h6>\n<\/li>\n<\/ul>\n<\/div>\n<\/div>\n\n\n\n<p><\/p>\n","protected":false},"excerpt":{"rendered":"<p>ATLAS is one of the four major experiments at the Large Hadron Collider (LHC) at CERN. It is a general-purpose particle physics experiment run by an international collaboration and, together with CMS, is designed to exploit the full discovery potential and the huge range of physics opportunities that the LHC provides. LIP is member of &hellip; <\/p>\n<p class=\"link-more\"><a href=\"https:\/\/pages.lip.pt\/atlas\/\" class=\"more-link\">Continue reading<span class=\"screen-reader-text\"> &#8220;ATLAS Experiment @LIP&#8221;<\/span><\/a><\/p>\n","protected":false},"author":1,"featured_media":0,"parent":0,"menu_order":0,"comment_status":"closed","ping_status":"closed","template":"","meta":{"footnotes":""},"class_list":["post-81","page","type-page","status-publish","hentry"],"_links":{"self":[{"href":"https:\/\/pages.lip.pt\/atlas\/wp-json\/wp\/v2\/pages\/81","targetHints":{"allow":["GET"]}}],"collection":[{"href":"https:\/\/pages.lip.pt\/atlas\/wp-json\/wp\/v2\/pages"}],"about":[{"href":"https:\/\/pages.lip.pt\/atlas\/wp-json\/wp\/v2\/types\/page"}],"author":[{"embeddable":true,"href":"https:\/\/pages.lip.pt\/atlas\/wp-json\/wp\/v2\/users\/1"}],"replies":[{"embeddable":true,"href":"https:\/\/pages.lip.pt\/atlas\/wp-json\/wp\/v2\/comments?post=81"}],"version-history":[{"count":52,"href":"https:\/\/pages.lip.pt\/atlas\/wp-json\/wp\/v2\/pages\/81\/revisions"}],"predecessor-version":[{"id":386,"href":"https:\/\/pages.lip.pt\/atlas\/wp-json\/wp\/v2\/pages\/81\/revisions\/386"}],"wp:attachment":[{"href":"https:\/\/pages.lip.pt\/atlas\/wp-json\/wp\/v2\/media?parent=81"}],"curies":[{"name":"wp","href":"https:\/\/api.w.org\/{rel}","templated":true}]}}